{"id":10259,"date":"2023-10-21T21:39:06","date_gmt":"2023-10-21T19:39:06","guid":{"rendered":"https:\/\/new.decoczar.pl\/index.php\/product\/pudelko-na-pieniadze-pamiatka-chrzest-swiety-gratis-11\/"},"modified":"2023-10-21T21:39:06","modified_gmt":"2023-10-21T19:39:06","slug":"pudelko-na-pieniadze-pamiatka-chrzest-swiety-gratis-11","status":"publish","type":"product","link":"https:\/\/new.decoczar.pl\/index.php\/product\/pudelko-na-pieniadze-pamiatka-chrzest-swiety-gratis-11\/","title":{"rendered":"Pude\u0142ko Na Pieni\u0105dze Pami\u0105tka Chrzest \u015awi\u0119ty + GRATIS"},"content":{"rendered":"<p> \tSolidne pude\u0142ko z otwieranym deklem,<br \/>\n \tPersonalizacja wieczka i \u017cycze\u0144 od \u015brodka\u00a0 w cenie<br \/>\n \tWymiary zewn\u0119trzne:\u00a0172 x 82 x 25 mm,<br \/>\n \tWymiary wewn\u0119trzne:\u00a0159 x 73 x 20 mm<br \/>\n \tMateria\u0142:\u00a0sklejka,<br \/>\n \tKolor pude\u0142ka:\u00a0naturalny<\/p>\n<p> \tGRATIS anio\u0142ek na szcz\u0119\u015bcie<br \/>\n \tW uwagach do zam\u00f3wienia prosz\u0119 wpisa\u0107 wz\u00f3r<br \/>\n \tWYSY\u0141KA TYLKO KURIER \/ POBRANIE<br \/>\n \tW uwagach do zam\u00f3wienie prosz\u0119 wpisa\u0107 zmian\u0119 tekstu (data,imi\u0119 )<br \/>\n \tCzas realizacji do 5 dni roboczych po zaksi\u0119gowaniu wp\u0142aty<\/p>\n","protected":false},"excerpt":{"rendered":"<p> \tSolidne pude\u0142ko z otwieranym deklem,<br \/>\n \tPersonalizacja wieczka i \u017cycze\u0144 od \u015brodka\u00a0 w cenie<br \/>\n \tWymiary zewn\u0119trzne:\u00a0172 x 82 x 25 mm,<br \/>\n \tWymiary wewn\u0119trzne:\u00a0159 x 73 x 20 mm<br \/>\n \tMateria\u0142:\u00a0sklejka,<br \/>\n \tKolor pude\u0142ka:\u00a0naturalny<\/p>\n<p> \tGRATIS anio\u0142ek na szcz\u0119\u015bcie<br \/>\n \tW uwagach do zam\u00f3wienia prosz\u0119 wpisa\u0107 wz\u00f3r<br \/>\n \tWYSY\u0141KA TYLKO KURIER \/ POBRANIE<br \/>\n \tW uwagach do zam\u00f3wienie prosz\u0119 wpisa\u0107 zmian\u0119 tekstu (data,imi\u0119 )<br \/>\n \tCzas realizacji do 5 dni roboczych po zaksi\u0119gowaniu wp\u0142aty<\/p>\n","protected":false},"featured_media":2420,"comment_status":"open","ping_status":"closed","template":"","meta":[],"etheme_brands":[],"product_cat":[83],"product_tag":[],"class_list":["post-10259","product","type-product","status-publish","has-post-thumbnail","hentry","product_cat-chrzest-swiety"],"_links":{"self":[{"href":"https:\/\/new.decoczar.pl\/index.php\/wp-json\/wp\/v2\/product\/10259","targetHints":{"allow":["GET"]}}],"collection":[{"href":"https:\/\/new.decoczar.pl\/index.php\/wp-json\/wp\/v2\/product"}],"about":[{"href":"https:\/\/new.decoczar.pl\/index.php\/wp-json\/wp\/v2\/types\/product"}],"replies":[{"embeddable":true,"href":"https:\/\/new.decoczar.pl\/index.php\/wp-json\/wp\/v2\/comments?post=10259"}],"wp:featuredmedia":[{"embeddable":true,"href":"https:\/\/new.decoczar.pl\/index.php\/wp-json\/wp\/v2\/media\/2420"}],"wp:attachment":[{"href":"https:\/\/new.decoczar.pl\/index.php\/wp-json\/wp\/v2\/media?parent=10259"}],"wp:term":[{"taxonomy":"brand","embeddable":true,"href":"https:\/\/new.decoczar.pl\/index.php\/wp-json\/wp\/v2\/etheme_brands?post=10259"},{"taxonomy":"product_cat","embeddable":true,"href":"https:\/\/new.decoczar.pl\/index.php\/wp-json\/wp\/v2\/product_cat?post=10259"},{"taxonomy":"product_tag","embeddable":true,"href":"https:\/\/new.decoczar.pl\/index.php\/wp-json\/wp\/v2\/product_tag?post=10259"}],"curies":[{"name":"wp","href":"https:\/\/api.w.org\/{rel}","templated":true}]}}