{"id":11900,"date":"2023-12-27T11:35:51","date_gmt":"2023-12-27T10:35:51","guid":{"rendered":"http:\/\/new.decoczar.pl\/index.php\/product\/nogi-do-stolu-podstawa-metalowa-2-szt-14\/"},"modified":"2023-12-27T11:35:51","modified_gmt":"2023-12-27T10:35:51","slug":"nogi-do-stolu-podstawa-metalowa-2-szt-14","status":"publish","type":"product","link":"https:\/\/new.decoczar.pl\/index.php\/product\/nogi-do-stolu-podstawa-metalowa-2-szt-14\/","title":{"rendered":"NOGI DO STO\u0141U \/ PODSTAWA METALOWA 2 szt"},"content":{"rendered":"<p>Cechy produktu:<\/p>\n<p> \tWysoko\u015b\u0107 72 cm<br \/>\n \tPodstawa wykonana z profilu 80&#215;20 mm<br \/>\n \tRozstaw d\u00f3\u0142 ok 90 x g\u00f3ra zw\u0119\u017cona oko\u0142o 70 cm<br \/>\n \tCzas realizacji\u00a0 do 21 dni roboczych po zaksi\u0119gowaniu wp\u0142aty<br \/>\n \tMo\u017cliwo\u015b\u0107 wysy\u0142ki 80 z\u0142 (prosz\u0119 doliczy\u0107 do przelewu )<br \/>\n \tMalowane proszkowo &#8211; czarny mat ( mo\u017cliwo\u015b\u0107 zmiany koloru z palety RAL )<br \/>\n \tNa g\u00f3rze podstawy s\u0105 p\u0142askownik z otworami fazowanymi na wkr\u0119ty<br \/>\n \tMo\u017cliwo\u015b\u0107 realizacji projektu klienta oraz wykonania n\u00f3g w innych wymiarach , profilach i kolorach<br \/>\n \tMo\u017cliwo\u015b\u0107 odbioru osobistego Warszawa Br\u00f3dno b\u0105d\u017a okolice Legionowa<br \/>\n \tTylko wp\u0142ata na konto &#8211; nie wysy\u0142am za pobraniem<br \/>\n \tProdukt w ca\u0142o\u015bci wykonany w Polsce. Kupuj\u0105c u nas wspierasz Polsk\u0105 przedsi\u0119biorczo\u015b\u0107<br \/>\n \tDbamy o Twoje wn\u0119trze!&#x2611;&#xfe0f; Dlatego pod ka\u017cd\u0105 nog\u0119 przyklejamy podk\u0142adk\u0119 ze specjalnego filcu, kt\u00f3ry\u00a0chroni Twoj\u0105 pod\u0142og\u0119\u00a0przed zarysowaniami.<\/p>\n<p>\u00a0<\/p>\n","protected":false},"excerpt":{"rendered":"<p>Cechy produktu:<\/p>\n<p> \tWysoko\u015b\u0107 72 cm<br \/>\n \tPodstawa wykonana z profilu 80&#215;20 mm<br \/>\n \tRozstaw d\u00f3\u0142 ok 90 x g\u00f3ra zw\u0119\u017cona oko\u0142o 70 cm<br \/>\n \tCzas realizacji\u00a0 do 21 dni roboczych po zaksi\u0119gowaniu wp\u0142aty<br \/>\n \tMo\u017cliwo\u015b\u0107 wysy\u0142ki 80 z\u0142 (prosz\u0119 doliczy\u0107 do przelewu )<br \/>\n \tMalowane proszkowo &#8211; czarny mat ( mo\u017cliwo\u015b\u0107 zmiany koloru z palety RAL )<br \/>\n \tNa g\u00f3rze podstawy s\u0105 p\u0142askownik z otworami fazowanymi na wkr\u0119ty<br \/>\n \tMo\u017cliwo\u015b\u0107 realizacji projektu klienta oraz wykonania n\u00f3g w innych wymiarach , profilach i kolorach<br \/>\n \tMo\u017cliwo\u015b\u0107 odbioru osobistego Warszawa Br\u00f3dno b\u0105d\u017a okolice Legionowa<br \/>\n \tTylko wp\u0142ata na konto &#8211; nie wysy\u0142am za pobraniem<br \/>\n \tProdukt w ca\u0142o\u015bci wykonany w Polsce. Kupuj\u0105c u nas wspierasz Polsk\u0105 przedsi\u0119biorczo\u015b\u0107<br \/>\n \tDbamy o Twoje wn\u0119trze!&#x2611;&#xfe0f; Dlatego pod ka\u017cd\u0105 nog\u0119 przyklejamy podk\u0142adk\u0119 ze specjalnego filcu, kt\u00f3ry\u00a0chroni Twoj\u0105 pod\u0142og\u0119\u00a0przed zarysowaniami.<\/p>\n<p>\u00a0<\/p>\n","protected":false},"featured_media":4593,"comment_status":"open","ping_status":"closed","template":"","meta":[],"etheme_brands":[],"product_cat":[50],"product_tag":[],"class_list":["post-11900","product","type-product","status-publish","has-post-thumbnail","hentry","product_cat-podstawy-metalowe-stelaze-stojaki"],"_links":{"self":[{"href":"https:\/\/new.decoczar.pl\/index.php\/wp-json\/wp\/v2\/product\/11900","targetHints":{"allow":["GET"]}}],"collection":[{"href":"https:\/\/new.decoczar.pl\/index.php\/wp-json\/wp\/v2\/product"}],"about":[{"href":"https:\/\/new.decoczar.pl\/index.php\/wp-json\/wp\/v2\/types\/product"}],"replies":[{"embeddable":true,"href":"https:\/\/new.decoczar.pl\/index.php\/wp-json\/wp\/v2\/comments?post=11900"}],"wp:featuredmedia":[{"embeddable":true,"href":"https:\/\/new.decoczar.pl\/index.php\/wp-json\/wp\/v2\/media\/4593"}],"wp:attachment":[{"href":"https:\/\/new.decoczar.pl\/index.php\/wp-json\/wp\/v2\/media?parent=11900"}],"wp:term":[{"taxonomy":"brand","embeddable":true,"href":"https:\/\/new.decoczar.pl\/index.php\/wp-json\/wp\/v2\/etheme_brands?post=11900"},{"taxonomy":"product_cat","embeddable":true,"href":"https:\/\/new.decoczar.pl\/index.php\/wp-json\/wp\/v2\/product_cat?post=11900"},{"taxonomy":"product_tag","embeddable":true,"href":"https:\/\/new.decoczar.pl\/index.php\/wp-json\/wp\/v2\/product_tag?post=11900"}],"curies":[{"name":"wp","href":"https:\/\/api.w.org\/{rel}","templated":true}]}}