{"id":12292,"date":"2024-01-08T01:32:01","date_gmt":"2024-01-08T00:32:01","guid":{"rendered":"http:\/\/new.decoczar.pl\/index.php\/product\/topper-dinozaur-15\/"},"modified":"2024-01-08T01:32:01","modified_gmt":"2024-01-08T00:32:01","slug":"topper-dinozaur-15","status":"publish","type":"product","link":"https:\/\/new.decoczar.pl\/index.php\/product\/topper-dinozaur-15\/","title":{"rendered":"Topper Dinozaur"},"content":{"rendered":"<p>Napisy ze sklejki<\/p>\n<p> \tWymiary 14 cm<br \/>\n \tWysoko\u015b\u0107 12 cm<br \/>\n \tWykonany ze sklejki brzozowej 3 cm<br \/>\n \tDrewniany szpikulec<br \/>\n \tCzas realizacji 5 dni po zaksi\u0119gowaniu wp\u0142aty<br \/>\n \tZale\u017cy Ci na czasie skontaktuj si\u0119 z nami<br \/>\n \tKolor zielony, czarny<br \/>\n \tW uwagach do zam\u00f3wienia prosz\u0119 napisa\u0107 cyferk\u0119 urodzin<\/p>\n<p>WYSY\u0141KA TYLKO KURIER !!<\/p>\n","protected":false},"excerpt":{"rendered":"<p>Napisy ze sklejki<\/p>\n<p> \tWymiary 14 cm<br \/>\n \tWysoko\u015b\u0107 12 cm<br \/>\n \tWykonany ze sklejki brzozowej 3 cm<br \/>\n \tDrewniany szpikulec<br \/>\n \tCzas realizacji 5 dni po zaksi\u0119gowaniu wp\u0142aty<br \/>\n \tZale\u017cy Ci na czasie skontaktuj si\u0119 z nami<br \/>\n \tKolor zielony, czarny<br \/>\n \tW uwagach do zam\u00f3wienia prosz\u0119 napisa\u0107 cyferk\u0119 urodzin<\/p>\n<p>WYSY\u0141KA TYLKO KURIER !!<\/p>\n","protected":false},"featured_media":4677,"comment_status":"open","ping_status":"closed","template":"","meta":[],"etheme_brands":[],"product_cat":[197],"product_tag":[],"class_list":["post-12292","product","type-product","status-publish","has-post-thumbnail","hentry","product_cat-dostepne-od-reki"],"_links":{"self":[{"href":"https:\/\/new.decoczar.pl\/index.php\/wp-json\/wp\/v2\/product\/12292","targetHints":{"allow":["GET"]}}],"collection":[{"href":"https:\/\/new.decoczar.pl\/index.php\/wp-json\/wp\/v2\/product"}],"about":[{"href":"https:\/\/new.decoczar.pl\/index.php\/wp-json\/wp\/v2\/types\/product"}],"replies":[{"embeddable":true,"href":"https:\/\/new.decoczar.pl\/index.php\/wp-json\/wp\/v2\/comments?post=12292"}],"wp:featuredmedia":[{"embeddable":true,"href":"https:\/\/new.decoczar.pl\/index.php\/wp-json\/wp\/v2\/media\/4677"}],"wp:attachment":[{"href":"https:\/\/new.decoczar.pl\/index.php\/wp-json\/wp\/v2\/media?parent=12292"}],"wp:term":[{"taxonomy":"brand","embeddable":true,"href":"https:\/\/new.decoczar.pl\/index.php\/wp-json\/wp\/v2\/etheme_brands?post=12292"},{"taxonomy":"product_cat","embeddable":true,"href":"https:\/\/new.decoczar.pl\/index.php\/wp-json\/wp\/v2\/product_cat?post=12292"},{"taxonomy":"product_tag","embeddable":true,"href":"https:\/\/new.decoczar.pl\/index.php\/wp-json\/wp\/v2\/product_tag?post=12292"}],"curies":[{"name":"wp","href":"https:\/\/api.w.org\/{rel}","templated":true}]}}