{"id":23453,"date":"2025-01-28T19:18:56","date_gmt":"2025-01-28T18:18:56","guid":{"rendered":"http:\/\/new.decoczar.pl\/index.php\/product\/stojak-na-drewno-kominek-loft-100-cm-49\/"},"modified":"2025-01-28T19:18:56","modified_gmt":"2025-01-28T18:18:56","slug":"stojak-na-drewno-kominek-loft-100-cm-49","status":"publish","type":"product","link":"https:\/\/new.decoczar.pl\/index.php\/product\/stojak-na-drewno-kominek-loft-100-cm-49\/","title":{"rendered":"Stojak na drewno kominek loft 100 cm"},"content":{"rendered":"<p>Stojak na drewno<\/p>\n<p> \tWysoko\u015b\u0107 100 cm<br \/>\n \tSzeroko\u015b\u0107 30 cm<br \/>\n \tD\u0142ugo\u015b\u0107 30 cm<br \/>\n \tWykonany z profilu\u00a0 2&#215;2<br \/>\n \tGrubo\u015b\u0107 \u015bcianek 2 mm<br \/>\n \tCzas realizacji 10-14 dni roboczych po zaksi\u0119gowaniu wp\u0142aty<br \/>\n \tWykonany ze stali malowany proszkowo.<\/p>\n<p> \tStojak\u00a0na \u00a0drewno wykonany w 100% r\u0119cznie,<\/p>\n<p> \tWysy\u0142ka TYLKO WP\u0141ATA NA KONTO !!! KURIER METAL 40 z\u0142<\/p>\n","protected":false},"excerpt":{"rendered":"<p>Stojak na drewno<\/p>\n<p> \tWysoko\u015b\u0107 100 cm<br \/>\n \tSzeroko\u015b\u0107 30 cm<br \/>\n \tD\u0142ugo\u015b\u0107 30 cm<br \/>\n \tWykonany z profilu\u00a0 2&#215;2<br \/>\n \tGrubo\u015b\u0107 \u015bcianek 2 mm<br \/>\n \tCzas realizacji 10-14 dni roboczych po zaksi\u0119gowaniu wp\u0142aty<br \/>\n \tWykonany ze stali malowany proszkowo.<\/p>\n<p> \tStojak\u00a0na \u00a0drewno wykonany w 100% r\u0119cznie,<\/p>\n<p> \tWysy\u0142ka TYLKO WP\u0141ATA NA KONTO !!! KURIER METAL 40 z\u0142<\/p>\n","protected":false},"featured_media":2867,"comment_status":"open","ping_status":"closed","template":"","meta":[],"etheme_brands":[],"product_cat":[50],"product_tag":[],"class_list":["post-23453","product","type-product","status-publish","has-post-thumbnail","hentry","product_cat-podstawy-metalowe-stelaze-stojaki"],"_links":{"self":[{"href":"https:\/\/new.decoczar.pl\/index.php\/wp-json\/wp\/v2\/product\/23453","targetHints":{"allow":["GET"]}}],"collection":[{"href":"https:\/\/new.decoczar.pl\/index.php\/wp-json\/wp\/v2\/product"}],"about":[{"href":"https:\/\/new.decoczar.pl\/index.php\/wp-json\/wp\/v2\/types\/product"}],"replies":[{"embeddable":true,"href":"https:\/\/new.decoczar.pl\/index.php\/wp-json\/wp\/v2\/comments?post=23453"}],"wp:featuredmedia":[{"embeddable":true,"href":"https:\/\/new.decoczar.pl\/index.php\/wp-json\/wp\/v2\/media\/2867"}],"wp:attachment":[{"href":"https:\/\/new.decoczar.pl\/index.php\/wp-json\/wp\/v2\/media?parent=23453"}],"wp:term":[{"taxonomy":"brand","embeddable":true,"href":"https:\/\/new.decoczar.pl\/index.php\/wp-json\/wp\/v2\/etheme_brands?post=23453"},{"taxonomy":"product_cat","embeddable":true,"href":"https:\/\/new.decoczar.pl\/index.php\/wp-json\/wp\/v2\/product_cat?post=23453"},{"taxonomy":"product_tag","embeddable":true,"href":"https:\/\/new.decoczar.pl\/index.php\/wp-json\/wp\/v2\/product_tag?post=23453"}],"curies":[{"name":"wp","href":"https:\/\/api.w.org\/{rel}","templated":true}]}}