{"id":2359,"date":"2022-09-06T20:47:07","date_gmt":"2022-09-06T18:47:07","guid":{"rendered":"https:\/\/new.decoczar.pl\/index.php\/product\/pudelko-na-pieniadze-pamiatka-slubu\/"},"modified":"2022-09-06T20:47:07","modified_gmt":"2022-09-06T18:47:07","slug":"pudelko-na-pieniadze-pamiatka-slubu","status":"publish","type":"product","link":"https:\/\/new.decoczar.pl\/index.php\/product\/pudelko-na-pieniadze-pamiatka-slubu\/","title":{"rendered":"Pude\u0142ko Na Pieni\u0105dze Pami\u0105tka \u015blubu"},"content":{"rendered":"<p> \tSolidne pude\u0142ko z otwieranym deklem,<br \/>\n \tPersonalizacja wieczka i \u017cycze\u0144 od \u015brodka\u00a0 w cenie<br \/>\n \tWymiary zewn\u0119trzne:\u00a0172 x 82 x 25 mm,<br \/>\n \tWymiary wewn\u0119trzne:\u00a0159 x 73 x 20 mm<br \/>\n \tMateria\u0142:\u00a0sklejka,<br \/>\n \tKolor pude\u0142ka:\u00a0naturalny<br \/>\n \tWYSY\u0141KA TYLKO KURIER \/ POBRANIE<br \/>\n \tW uwagach do zam\u00f3wienie prosz\u0119 wpisa\u0107 zmian\u0119 tekstu (data,imi\u0119 )<br \/>\n \tCzas realizacji do 5 dni roboczych po zaksi\u0119gowaniu wp\u0142aty<\/p>\n","protected":false},"excerpt":{"rendered":"<p> \tSolidne pude\u0142ko z otwieranym deklem,<br \/>\n \tPersonalizacja wieczka i \u017cycze\u0144 od \u015brodka\u00a0 w cenie<br \/>\n \tWymiary zewn\u0119trzne:\u00a0172 x 82 x 25 mm,<br \/>\n \tWymiary wewn\u0119trzne:\u00a0159 x 73 x 20 mm<br \/>\n \tMateria\u0142:\u00a0sklejka,<br \/>\n \tKolor pude\u0142ka:\u00a0naturalny<br \/>\n \tWYSY\u0141KA TYLKO KURIER \/ POBRANIE<br \/>\n \tW uwagach do zam\u00f3wienie prosz\u0119 wpisa\u0107 zmian\u0119 tekstu (data,imi\u0119 )<br \/>\n \tCzas realizacji do 5 dni roboczych po zaksi\u0119gowaniu wp\u0142aty<\/p>\n","protected":false},"featured_media":2358,"comment_status":"open","ping_status":"closed","template":"","meta":[],"etheme_brands":[],"product_cat":[78],"product_tag":[],"class_list":["post-2359","product","type-product","status-publish","has-post-thumbnail","hentry","product_cat-slub-dekoracje"],"_links":{"self":[{"href":"https:\/\/new.decoczar.pl\/index.php\/wp-json\/wp\/v2\/product\/2359","targetHints":{"allow":["GET"]}}],"collection":[{"href":"https:\/\/new.decoczar.pl\/index.php\/wp-json\/wp\/v2\/product"}],"about":[{"href":"https:\/\/new.decoczar.pl\/index.php\/wp-json\/wp\/v2\/types\/product"}],"replies":[{"embeddable":true,"href":"https:\/\/new.decoczar.pl\/index.php\/wp-json\/wp\/v2\/comments?post=2359"}],"wp:featuredmedia":[{"embeddable":true,"href":"https:\/\/new.decoczar.pl\/index.php\/wp-json\/wp\/v2\/media\/2358"}],"wp:attachment":[{"href":"https:\/\/new.decoczar.pl\/index.php\/wp-json\/wp\/v2\/media?parent=2359"}],"wp:term":[{"taxonomy":"brand","embeddable":true,"href":"https:\/\/new.decoczar.pl\/index.php\/wp-json\/wp\/v2\/etheme_brands?post=2359"},{"taxonomy":"product_cat","embeddable":true,"href":"https:\/\/new.decoczar.pl\/index.php\/wp-json\/wp\/v2\/product_cat?post=2359"},{"taxonomy":"product_tag","embeddable":true,"href":"https:\/\/new.decoczar.pl\/index.php\/wp-json\/wp\/v2\/product_tag?post=2359"}],"curies":[{"name":"wp","href":"https:\/\/api.w.org\/{rel}","templated":true}]}}