{"id":2361,"date":"2022-09-06T20:47:11","date_gmt":"2022-09-06T18:47:11","guid":{"rendered":"https:\/\/new.decoczar.pl\/index.php\/product\/podziekowanie-dla-gosci-klamerka-drewniana-spinacz\/"},"modified":"2022-09-06T20:47:11","modified_gmt":"2022-09-06T18:47:11","slug":"podziekowanie-dla-gosci-klamerka-drewniana-spinacz","status":"publish","type":"product","link":"https:\/\/new.decoczar.pl\/index.php\/product\/podziekowanie-dla-gosci-klamerka-drewniana-spinacz\/","title":{"rendered":"Podzi\u0119kowanie dla go\u015bci klamerka drewniana spinacz"},"content":{"rendered":"<p>Winietka<\/p>\n<p> \tSpinacz drewniany<br \/>\n \tWymiar 7 cm<br \/>\n \tCzcionka &#8221; monotype corsiva &#8221;<br \/>\n \tCzas realizacji do 10-14 dni roboczych ( czas realziacji zale\u017cy od ilo\u015bci zam\u00f3wienia )<br \/>\n \tW uwagach do zam\u00f3wienia prosz\u0119 wpisa\u0107 imiona oraz dat\u0119<br \/>\n \tWYSY\u0141KA TYLKO WP\u0141ATA NA KONTO ! NIE WYSY\u0141AM ZA POBRANIEM<\/p>\n","protected":false},"excerpt":{"rendered":"<p>Winietka<\/p>\n<p> \tSpinacz drewniany<br \/>\n \tWymiar 7 cm<br \/>\n \tCzcionka &#8221; monotype corsiva &#8221;<br \/>\n \tCzas realizacji do 10-14 dni roboczych ( czas realziacji zale\u017cy od ilo\u015bci zam\u00f3wienia )<br \/>\n \tW uwagach do zam\u00f3wienia prosz\u0119 wpisa\u0107 imiona oraz dat\u0119<br \/>\n \tWYSY\u0141KA TYLKO WP\u0141ATA NA KONTO ! NIE WYSY\u0141AM ZA POBRANIEM<\/p>\n","protected":false},"featured_media":2360,"comment_status":"open","ping_status":"closed","template":"","meta":[],"etheme_brands":[],"product_cat":[78],"product_tag":[],"class_list":["post-2361","product","type-product","status-publish","has-post-thumbnail","hentry","product_cat-slub-dekoracje"],"_links":{"self":[{"href":"https:\/\/new.decoczar.pl\/index.php\/wp-json\/wp\/v2\/product\/2361","targetHints":{"allow":["GET"]}}],"collection":[{"href":"https:\/\/new.decoczar.pl\/index.php\/wp-json\/wp\/v2\/product"}],"about":[{"href":"https:\/\/new.decoczar.pl\/index.php\/wp-json\/wp\/v2\/types\/product"}],"replies":[{"embeddable":true,"href":"https:\/\/new.decoczar.pl\/index.php\/wp-json\/wp\/v2\/comments?post=2361"}],"wp:featuredmedia":[{"embeddable":true,"href":"https:\/\/new.decoczar.pl\/index.php\/wp-json\/wp\/v2\/media\/2360"}],"wp:attachment":[{"href":"https:\/\/new.decoczar.pl\/index.php\/wp-json\/wp\/v2\/media?parent=2361"}],"wp:term":[{"taxonomy":"brand","embeddable":true,"href":"https:\/\/new.decoczar.pl\/index.php\/wp-json\/wp\/v2\/etheme_brands?post=2361"},{"taxonomy":"product_cat","embeddable":true,"href":"https:\/\/new.decoczar.pl\/index.php\/wp-json\/wp\/v2\/product_cat?post=2361"},{"taxonomy":"product_tag","embeddable":true,"href":"https:\/\/new.decoczar.pl\/index.php\/wp-json\/wp\/v2\/product_tag?post=2361"}],"curies":[{"name":"wp","href":"https:\/\/api.w.org\/{rel}","templated":true}]}}