{"id":2443,"date":"2022-09-07T23:20:56","date_gmt":"2022-09-07T21:20:56","guid":{"rendered":"https:\/\/new.decoczar.pl\/index.php\/product\/lustra-z-zywica-morze-fale-3-szt\/"},"modified":"2022-09-07T23:20:56","modified_gmt":"2022-09-07T21:20:56","slug":"lustra-z-zywica-morze-fale-3-szt","status":"publish","type":"product","link":"https:\/\/new.decoczar.pl\/index.php\/product\/lustra-z-zywica-morze-fale-3-szt\/","title":{"rendered":"Lustra z \u017cywic\u0105 morze fale 3 szt"},"content":{"rendered":"<p> \t\u015arednica ok 40 \/ 30\/ 25 cm<br \/>\n \tEfekt morza<br \/>\n \tIlo\u015b\u0107 : 3 szt<br \/>\n \tCzas realizacji oko\u0142o miesi\u0105ca\u00a0 po zaksi\u0119gowaniu wp\u0142aty<br \/>\n \tWysy\u0142ka kurier<br \/>\n \tLustra wykonywane s\u0105 na zam\u00f3wienie dlatego czas jest d\u0142u\u017cszy<br \/>\n \tKa\u017cde lusterko posiada w\u0142asny uchwyt monta\u017cowy, dlatego mo\u017cesz powiesi\u0107 je w dowolnych odst\u0119pach i wysoko\u015bciach.<\/p>\n","protected":false},"excerpt":{"rendered":"<p> \t\u015arednica ok 40 \/ 30\/ 25 cm<br \/>\n \tEfekt morza<br \/>\n \tIlo\u015b\u0107 : 3 szt<br \/>\n \tCzas realizacji oko\u0142o miesi\u0105ca\u00a0 po zaksi\u0119gowaniu wp\u0142aty<br \/>\n \tWysy\u0142ka kurier<br \/>\n \tLustra wykonywane s\u0105 na zam\u00f3wienie dlatego czas jest d\u0142u\u017cszy<br \/>\n \tKa\u017cde lusterko posiada w\u0142asny uchwyt monta\u017cowy, dlatego mo\u017cesz powiesi\u0107 je w dowolnych odst\u0119pach i wysoko\u015bciach.<\/p>\n","protected":false},"featured_media":2442,"comment_status":"open","ping_status":"closed","template":"","meta":[],"etheme_brands":[],"product_cat":[48],"product_tag":[],"class_list":["post-2443","product","type-product","status-publish","has-post-thumbnail","hentry","product_cat-produkty-z-zywicy"],"_links":{"self":[{"href":"https:\/\/new.decoczar.pl\/index.php\/wp-json\/wp\/v2\/product\/2443","targetHints":{"allow":["GET"]}}],"collection":[{"href":"https:\/\/new.decoczar.pl\/index.php\/wp-json\/wp\/v2\/product"}],"about":[{"href":"https:\/\/new.decoczar.pl\/index.php\/wp-json\/wp\/v2\/types\/product"}],"replies":[{"embeddable":true,"href":"https:\/\/new.decoczar.pl\/index.php\/wp-json\/wp\/v2\/comments?post=2443"}],"wp:featuredmedia":[{"embeddable":true,"href":"https:\/\/new.decoczar.pl\/index.php\/wp-json\/wp\/v2\/media\/2442"}],"wp:attachment":[{"href":"https:\/\/new.decoczar.pl\/index.php\/wp-json\/wp\/v2\/media?parent=2443"}],"wp:term":[{"taxonomy":"brand","embeddable":true,"href":"https:\/\/new.decoczar.pl\/index.php\/wp-json\/wp\/v2\/etheme_brands?post=2443"},{"taxonomy":"product_cat","embeddable":true,"href":"https:\/\/new.decoczar.pl\/index.php\/wp-json\/wp\/v2\/product_cat?post=2443"},{"taxonomy":"product_tag","embeddable":true,"href":"https:\/\/new.decoczar.pl\/index.php\/wp-json\/wp\/v2\/product_tag?post=2443"}],"curies":[{"name":"wp","href":"https:\/\/api.w.org\/{rel}","templated":true}]}}