{"id":2497,"date":"2022-09-10T18:25:23","date_gmt":"2022-09-10T16:25:23","guid":{"rendered":"http:\/\/new.decoczar.pl\/index.php\/product\/drewniane-zaproszenie-na-krazku-drewnianym\/"},"modified":"2022-09-10T18:25:23","modified_gmt":"2022-09-10T16:25:23","slug":"drewniane-zaproszenie-na-krazku-drewnianym","status":"publish","type":"product","link":"https:\/\/new.decoczar.pl\/index.php\/product\/drewniane-zaproszenie-na-krazku-drewnianym\/","title":{"rendered":"Drewniane zaproszenie na kr\u0105\u017cku drewnianym"},"content":{"rendered":"<p> \tKr\u0105\u017cek drewniany o wymiarach\u00a0 15-18 cm<br \/>\n \tGrawer<br \/>\n \tKokardka ozdobna<br \/>\n \tW uwagach do zam\u00f3wienia prosz\u0119 o zmian\u0119 tekstu<br \/>\n \tKa\u017cdy plaster jest staranie wyszlifowany z dw\u00f3ch stron<br \/>\n \tCzas realizacji do 10 dni roboczych<\/p>\n","protected":false},"excerpt":{"rendered":"<p> \tKr\u0105\u017cek drewniany o wymiarach\u00a0 15-18 cm<br \/>\n \tGrawer<br \/>\n \tKokardka ozdobna<br \/>\n \tW uwagach do zam\u00f3wienia prosz\u0119 o zmian\u0119 tekstu<br \/>\n \tKa\u017cdy plaster jest staranie wyszlifowany z dw\u00f3ch stron<br \/>\n \tCzas realizacji do 10 dni roboczych<\/p>\n","protected":false},"featured_media":2496,"comment_status":"open","ping_status":"closed","template":"","meta":[],"etheme_brands":[],"product_cat":[78],"product_tag":[],"class_list":["post-2497","product","type-product","status-publish","has-post-thumbnail","hentry","product_cat-slub-dekoracje"],"_links":{"self":[{"href":"https:\/\/new.decoczar.pl\/index.php\/wp-json\/wp\/v2\/product\/2497","targetHints":{"allow":["GET"]}}],"collection":[{"href":"https:\/\/new.decoczar.pl\/index.php\/wp-json\/wp\/v2\/product"}],"about":[{"href":"https:\/\/new.decoczar.pl\/index.php\/wp-json\/wp\/v2\/types\/product"}],"replies":[{"embeddable":true,"href":"https:\/\/new.decoczar.pl\/index.php\/wp-json\/wp\/v2\/comments?post=2497"}],"wp:featuredmedia":[{"embeddable":true,"href":"https:\/\/new.decoczar.pl\/index.php\/wp-json\/wp\/v2\/media\/2496"}],"wp:attachment":[{"href":"https:\/\/new.decoczar.pl\/index.php\/wp-json\/wp\/v2\/media?parent=2497"}],"wp:term":[{"taxonomy":"brand","embeddable":true,"href":"https:\/\/new.decoczar.pl\/index.php\/wp-json\/wp\/v2\/etheme_brands?post=2497"},{"taxonomy":"product_cat","embeddable":true,"href":"https:\/\/new.decoczar.pl\/index.php\/wp-json\/wp\/v2\/product_cat?post=2497"},{"taxonomy":"product_tag","embeddable":true,"href":"https:\/\/new.decoczar.pl\/index.php\/wp-json\/wp\/v2\/product_tag?post=2497"}],"curies":[{"name":"wp","href":"https:\/\/api.w.org\/{rel}","templated":true}]}}