{"id":25828,"date":"2025-04-20T07:59:22","date_gmt":"2025-04-20T05:59:22","guid":{"rendered":"http:\/\/new.decoczar.pl\/index.php\/product\/nogi-metalowe-stelaz-podstawa-do-stolu-2-szt-90x60-cm-2-szt-57\/"},"modified":"2025-04-20T07:59:22","modified_gmt":"2025-04-20T05:59:22","slug":"nogi-metalowe-stelaz-podstawa-do-stolu-2-szt-90x60-cm-2-szt-57","status":"publish","type":"product","link":"https:\/\/new.decoczar.pl\/index.php\/product\/nogi-metalowe-stelaz-podstawa-do-stolu-2-szt-90x60-cm-2-szt-57\/","title":{"rendered":"NOGI METALOWE STELA\u017b PODSTAWA DO STO\u0141U 2 SZT 90&#215;60 cm 2 szt"},"content":{"rendered":"<p> \tWysoko\u015b\u0107 90 cm<br \/>\n \tD\u0142ugo\u015b\u0107 60 cm<br \/>\n \tMalowane proszkowo<br \/>\n \tWysy\u0142ka 40 z\u0142 &#8211; TYLKO WP\u0141ATA NA KONTO<br \/>\n \tKolor Czarny mat<br \/>\n \tProfil 6&#215;2 cm<br \/>\n \tCzas realizacji 21 dni roboczych po zaksi\u0119gowaniu wp\u0142aty<br \/>\n \tProdukt posiada\u00a0 otwory monta\u017cowe i z \u0142atwo\u015bci\u0105 mo\u017cna\u00a0 je przykr\u0119ci\u0107 do blatu\u00a0poprzez przykr\u0119cenie\u00a0 wkr\u0119t\u00f3w od do\u0142u<br \/>\n \tPRODUKT POLSKI<br \/>\n \tNa dole do\u0142\u0105czone s\u0105 filcowe nak\u0142adki aby nie rysowa\u0142y pod\u0142ogi<\/p>\n<p>\u00a0<\/p>\n","protected":false},"excerpt":{"rendered":"<p> \tWysoko\u015b\u0107 90 cm<br \/>\n \tD\u0142ugo\u015b\u0107 60 cm<br \/>\n \tMalowane proszkowo<br \/>\n \tWysy\u0142ka 40 z\u0142 &#8211; TYLKO WP\u0141ATA NA KONTO<br \/>\n \tKolor Czarny mat<br \/>\n \tProfil 6&#215;2 cm<br \/>\n \tCzas realizacji 21 dni roboczych po zaksi\u0119gowaniu wp\u0142aty<br \/>\n \tProdukt posiada\u00a0 otwory monta\u017cowe i z \u0142atwo\u015bci\u0105 mo\u017cna\u00a0 je przykr\u0119ci\u0107 do blatu\u00a0poprzez przykr\u0119cenie\u00a0 wkr\u0119t\u00f3w od do\u0142u<br \/>\n \tPRODUKT POLSKI<br \/>\n \tNa dole do\u0142\u0105czone s\u0105 filcowe nak\u0142adki aby nie rysowa\u0142y pod\u0142ogi<\/p>\n<p>\u00a0<\/p>\n","protected":false},"featured_media":2715,"comment_status":"open","ping_status":"closed","template":"","meta":[],"etheme_brands":[],"product_cat":[50],"product_tag":[],"class_list":["post-25828","product","type-product","status-publish","has-post-thumbnail","hentry","product_cat-podstawy-metalowe-stelaze-stojaki"],"_links":{"self":[{"href":"https:\/\/new.decoczar.pl\/index.php\/wp-json\/wp\/v2\/product\/25828","targetHints":{"allow":["GET"]}}],"collection":[{"href":"https:\/\/new.decoczar.pl\/index.php\/wp-json\/wp\/v2\/product"}],"about":[{"href":"https:\/\/new.decoczar.pl\/index.php\/wp-json\/wp\/v2\/types\/product"}],"replies":[{"embeddable":true,"href":"https:\/\/new.decoczar.pl\/index.php\/wp-json\/wp\/v2\/comments?post=25828"}],"wp:featuredmedia":[{"embeddable":true,"href":"https:\/\/new.decoczar.pl\/index.php\/wp-json\/wp\/v2\/media\/2715"}],"wp:attachment":[{"href":"https:\/\/new.decoczar.pl\/index.php\/wp-json\/wp\/v2\/media?parent=25828"}],"wp:term":[{"taxonomy":"brand","embeddable":true,"href":"https:\/\/new.decoczar.pl\/index.php\/wp-json\/wp\/v2\/etheme_brands?post=25828"},{"taxonomy":"product_cat","embeddable":true,"href":"https:\/\/new.decoczar.pl\/index.php\/wp-json\/wp\/v2\/product_cat?post=25828"},{"taxonomy":"product_tag","embeddable":true,"href":"https:\/\/new.decoczar.pl\/index.php\/wp-json\/wp\/v2\/product_tag?post=25828"}],"curies":[{"name":"wp","href":"https:\/\/api.w.org\/{rel}","templated":true}]}}