{"id":2609,"date":"2022-09-14T13:07:39","date_gmt":"2022-09-14T11:07:39","guid":{"rendered":"http:\/\/new.decoczar.pl\/index.php\/product\/polka-romb-loft-industrialna-70x50cm\/"},"modified":"2022-09-14T13:07:39","modified_gmt":"2022-09-14T11:07:39","slug":"polka-romb-loft-industrialna-70x50cm","status":"publish","type":"product","link":"https:\/\/new.decoczar.pl\/index.php\/product\/polka-romb-loft-industrialna-70x50cm\/","title":{"rendered":"P\u00d3\u0141KA ROMB LOFT INDUSTRIALNA 70x50cm"},"content":{"rendered":"<p>WYMIAR PRODUKTU:<\/p>\n<p> \tRAMA 70&#215;50 cm<br \/>\n \tG\u0142\u0119boko\u015b\u0107 p\u00f3\u0142ki 15 cm grubo\u015b\u0107 p\u00f3\u0142ki 18 mm<br \/>\n \tG\u00f3rna i dolna p\u00f3\u0142ka 40 cm<br \/>\n \t\u015arodkowa 70 cm<br \/>\n \tDrewno sosnowe lakierowane<br \/>\n \tKolor Czarny (mo\u017cliwo\u015b\u0107 wykonania w bia\u0142ym b\u0105d\u017a z\u0142otym kolorze )<br \/>\n \tDo\u0142\u0105czone 2 ko\u0142ki z wkr\u0119tami<br \/>\n \tCzas realizacji 10-14 dni roboczych<br \/>\n \tWysy\u0142ka 40 z\u0142<\/p>\n<p>\u00a0<\/p>\n<p>\u00a0<\/p>\n","protected":false},"excerpt":{"rendered":"<p>WYMIAR PRODUKTU:<\/p>\n<p> \tRAMA 70&#215;50 cm<br \/>\n \tG\u0142\u0119boko\u015b\u0107 p\u00f3\u0142ki 15 cm grubo\u015b\u0107 p\u00f3\u0142ki 18 mm<br \/>\n \tG\u00f3rna i dolna p\u00f3\u0142ka 40 cm<br \/>\n \t\u015arodkowa 70 cm<br \/>\n \tDrewno sosnowe lakierowane<br \/>\n \tKolor Czarny (mo\u017cliwo\u015b\u0107 wykonania w bia\u0142ym b\u0105d\u017a z\u0142otym kolorze )<br \/>\n \tDo\u0142\u0105czone 2 ko\u0142ki z wkr\u0119tami<br \/>\n \tCzas realizacji 10-14 dni roboczych<br \/>\n \tWysy\u0142ka 40 z\u0142<\/p>\n<p>\u00a0<\/p>\n<p>\u00a0<\/p>\n","protected":false},"featured_media":2608,"comment_status":"open","ping_status":"closed","template":"","meta":[],"etheme_brands":[],"product_cat":[69],"product_tag":[],"class_list":["post-2609","product","type-product","status-publish","has-post-thumbnail","hentry","product_cat-podstawy-metalowe-stelaze-stojaki-polki-dekoracyjne"],"_links":{"self":[{"href":"https:\/\/new.decoczar.pl\/index.php\/wp-json\/wp\/v2\/product\/2609","targetHints":{"allow":["GET"]}}],"collection":[{"href":"https:\/\/new.decoczar.pl\/index.php\/wp-json\/wp\/v2\/product"}],"about":[{"href":"https:\/\/new.decoczar.pl\/index.php\/wp-json\/wp\/v2\/types\/product"}],"replies":[{"embeddable":true,"href":"https:\/\/new.decoczar.pl\/index.php\/wp-json\/wp\/v2\/comments?post=2609"}],"wp:featuredmedia":[{"embeddable":true,"href":"https:\/\/new.decoczar.pl\/index.php\/wp-json\/wp\/v2\/media\/2608"}],"wp:attachment":[{"href":"https:\/\/new.decoczar.pl\/index.php\/wp-json\/wp\/v2\/media?parent=2609"}],"wp:term":[{"taxonomy":"brand","embeddable":true,"href":"https:\/\/new.decoczar.pl\/index.php\/wp-json\/wp\/v2\/etheme_brands?post=2609"},{"taxonomy":"product_cat","embeddable":true,"href":"https:\/\/new.decoczar.pl\/index.php\/wp-json\/wp\/v2\/product_cat?post=2609"},{"taxonomy":"product_tag","embeddable":true,"href":"https:\/\/new.decoczar.pl\/index.php\/wp-json\/wp\/v2\/product_tag?post=2609"}],"curies":[{"name":"wp","href":"https:\/\/api.w.org\/{rel}","templated":true}]}}