{"id":2708,"date":"2022-09-18T23:08:45","date_gmt":"2022-09-18T21:08:45","guid":{"rendered":"http:\/\/new.decoczar.pl\/index.php\/product\/tabliczki-oczepinowe\/"},"modified":"2022-09-18T23:08:45","modified_gmt":"2022-09-18T21:08:45","slug":"tabliczki-oczepinowe","status":"publish","type":"product","link":"https:\/\/new.decoczar.pl\/index.php\/product\/tabliczki-oczepinowe\/","title":{"rendered":"Tabliczki oczepinowe"},"content":{"rendered":"<p> \td\u0142ugo\u015b\u0107 24 cm<br \/>\n \tSzeroko\u015b\u0107 11 cm<br \/>\n \tMateria\u0142 sklejka brzozowa 3 mm<br \/>\n \tCzas Realizacji do 5 dni roboczych po zaksi\u0119gowaniu wp\u0142aty<br \/>\n \tKolory napis\u00f3w bia\u0142o &#8211; czarny<\/p>\n","protected":false},"excerpt":{"rendered":"<p> \td\u0142ugo\u015b\u0107 24 cm<br \/>\n \tSzeroko\u015b\u0107 11 cm<br \/>\n \tMateria\u0142 sklejka brzozowa 3 mm<br \/>\n \tCzas Realizacji do 5 dni roboczych po zaksi\u0119gowaniu wp\u0142aty<br \/>\n \tKolory napis\u00f3w bia\u0142o &#8211; czarny<\/p>\n","protected":false},"featured_media":2707,"comment_status":"open","ping_status":"closed","template":"","meta":[],"etheme_brands":[],"product_cat":[78],"product_tag":[],"class_list":["post-2708","product","type-product","status-publish","has-post-thumbnail","hentry","product_cat-slub-dekoracje"],"_links":{"self":[{"href":"https:\/\/new.decoczar.pl\/index.php\/wp-json\/wp\/v2\/product\/2708","targetHints":{"allow":["GET"]}}],"collection":[{"href":"https:\/\/new.decoczar.pl\/index.php\/wp-json\/wp\/v2\/product"}],"about":[{"href":"https:\/\/new.decoczar.pl\/index.php\/wp-json\/wp\/v2\/types\/product"}],"replies":[{"embeddable":true,"href":"https:\/\/new.decoczar.pl\/index.php\/wp-json\/wp\/v2\/comments?post=2708"}],"wp:featuredmedia":[{"embeddable":true,"href":"https:\/\/new.decoczar.pl\/index.php\/wp-json\/wp\/v2\/media\/2707"}],"wp:attachment":[{"href":"https:\/\/new.decoczar.pl\/index.php\/wp-json\/wp\/v2\/media?parent=2708"}],"wp:term":[{"taxonomy":"brand","embeddable":true,"href":"https:\/\/new.decoczar.pl\/index.php\/wp-json\/wp\/v2\/etheme_brands?post=2708"},{"taxonomy":"product_cat","embeddable":true,"href":"https:\/\/new.decoczar.pl\/index.php\/wp-json\/wp\/v2\/product_cat?post=2708"},{"taxonomy":"product_tag","embeddable":true,"href":"https:\/\/new.decoczar.pl\/index.php\/wp-json\/wp\/v2\/product_tag?post=2708"}],"curies":[{"name":"wp","href":"https:\/\/api.w.org\/{rel}","templated":true}]}}