{"id":2902,"date":"2022-10-17T01:02:38","date_gmt":"2022-10-16T23:02:38","guid":{"rendered":"http:\/\/new.decoczar.pl\/index.php\/product\/stolik-kawowy-asymetryczny-gratis-2\/"},"modified":"2022-10-17T01:02:38","modified_gmt":"2022-10-16T23:02:38","slug":"stolik-kawowy-asymetryczny-gratis-2","status":"publish","type":"product","link":"https:\/\/new.decoczar.pl\/index.php\/product\/stolik-kawowy-asymetryczny-gratis-2\/","title":{"rendered":"STOLIK KAWOWY ASYMETRYCZNY + GRATIS"},"content":{"rendered":"<p>Stolik Kawowy<\/p>\n<p> \tWymiary \u015brednica ok 70-75 cm<br \/>\n \tGrubo\u015b\u0107 plastra oko\u0142o 15 cm<br \/>\n \tWysoko\u015b\u0107 n\u00f3\u017cek 25 cm<br \/>\n \tStolik wykonywany na zam\u00f3wienie<br \/>\n \tCzas realizacji 21 + (+\/- 5 dni ) dni roboczych po wp\u0142acie zaliczki<br \/>\n \tWysy\u0142ka 40 z\u0142<\/p>\n","protected":false},"excerpt":{"rendered":"<p>Stolik Kawowy<\/p>\n<p> \tWymiary \u015brednica ok 70-75 cm<br \/>\n \tGrubo\u015b\u0107 plastra oko\u0142o 15 cm<br \/>\n \tWysoko\u015b\u0107 n\u00f3\u017cek 25 cm<br \/>\n \tStolik wykonywany na zam\u00f3wienie<br \/>\n \tCzas realizacji 21 + (+\/- 5 dni ) dni roboczych po wp\u0142acie zaliczki<br \/>\n \tWysy\u0142ka 40 z\u0142<\/p>\n","protected":false},"featured_media":2901,"comment_status":"open","ping_status":"closed","template":"","meta":[],"etheme_brands":[],"product_cat":[56],"product_tag":[],"class_list":["post-2902","product","type-product","status-publish","has-post-thumbnail","hentry","product_cat-stoliki-drewniane"],"_links":{"self":[{"href":"https:\/\/new.decoczar.pl\/index.php\/wp-json\/wp\/v2\/product\/2902","targetHints":{"allow":["GET"]}}],"collection":[{"href":"https:\/\/new.decoczar.pl\/index.php\/wp-json\/wp\/v2\/product"}],"about":[{"href":"https:\/\/new.decoczar.pl\/index.php\/wp-json\/wp\/v2\/types\/product"}],"replies":[{"embeddable":true,"href":"https:\/\/new.decoczar.pl\/index.php\/wp-json\/wp\/v2\/comments?post=2902"}],"wp:featuredmedia":[{"embeddable":true,"href":"https:\/\/new.decoczar.pl\/index.php\/wp-json\/wp\/v2\/media\/2901"}],"wp:attachment":[{"href":"https:\/\/new.decoczar.pl\/index.php\/wp-json\/wp\/v2\/media?parent=2902"}],"wp:term":[{"taxonomy":"brand","embeddable":true,"href":"https:\/\/new.decoczar.pl\/index.php\/wp-json\/wp\/v2\/etheme_brands?post=2902"},{"taxonomy":"product_cat","embeddable":true,"href":"https:\/\/new.decoczar.pl\/index.php\/wp-json\/wp\/v2\/product_cat?post=2902"},{"taxonomy":"product_tag","embeddable":true,"href":"https:\/\/new.decoczar.pl\/index.php\/wp-json\/wp\/v2\/product_tag?post=2902"}],"curies":[{"name":"wp","href":"https:\/\/api.w.org\/{rel}","templated":true}]}}