{"id":2914,"date":"2022-10-17T14:29:48","date_gmt":"2022-10-17T12:29:48","guid":{"rendered":"http:\/\/new.decoczar.pl\/index.php\/product\/drewniane-karty-do-zdjec-12-szt-2-szt-gratis\/"},"modified":"2022-10-17T14:29:48","modified_gmt":"2022-10-17T12:29:48","slug":"drewniane-karty-do-zdjec-12-szt-2-szt-gratis","status":"publish","type":"product","link":"https:\/\/new.decoczar.pl\/index.php\/product\/drewniane-karty-do-zdjec-12-szt-2-szt-gratis\/","title":{"rendered":"Drewniane karty do zdj\u0119\u0107 12 szt + 2 SZT GRATIS"},"content":{"rendered":"<p>Drewniane Tabliczki<\/p>\n<p> \tWymiary 14&#215;12 cm<br \/>\n \tMateria\u0142 sklejka drewniana 3 mm<br \/>\n \tKolor: Naturalny kolor drewna<br \/>\n \tW zestawie znajduj\u0119 si\u0119 11 kartek miesi\u0119cy+ Mam ju\u017c roczek + 2 gratis (m\u00f3j pierwszy z\u0105bek , karta z imieniem dziecka )<br \/>\n \tCzas realizacji do 5 dni roboczych po zaksi\u0119gowaniu wp\u0142aty<br \/>\n \tWYSY\u0141KA TYLKO KURIER \/ KURIER POBRANIE !!!\u00a0<\/p>\n","protected":false},"excerpt":{"rendered":"<p>Drewniane Tabliczki<\/p>\n<p> \tWymiary 14&#215;12 cm<br \/>\n \tMateria\u0142 sklejka drewniana 3 mm<br \/>\n \tKolor: Naturalny kolor drewna<br \/>\n \tW zestawie znajduj\u0119 si\u0119 11 kartek miesi\u0119cy+ Mam ju\u017c roczek + 2 gratis (m\u00f3j pierwszy z\u0105bek , karta z imieniem dziecka )<br \/>\n \tCzas realizacji do 5 dni roboczych po zaksi\u0119gowaniu wp\u0142aty<br \/>\n \tWYSY\u0141KA TYLKO KURIER \/ KURIER POBRANIE !!!\u00a0<\/p>\n","protected":false},"featured_media":2913,"comment_status":"open","ping_status":"closed","template":"","meta":[],"etheme_brands":[],"product_cat":[119],"product_tag":[],"class_list":["post-2914","product","type-product","status-publish","has-post-thumbnail","hentry","product_cat-akcesoria-dekoracyjne-ciaza-upominki-podziekowania"],"_links":{"self":[{"href":"https:\/\/new.decoczar.pl\/index.php\/wp-json\/wp\/v2\/product\/2914","targetHints":{"allow":["GET"]}}],"collection":[{"href":"https:\/\/new.decoczar.pl\/index.php\/wp-json\/wp\/v2\/product"}],"about":[{"href":"https:\/\/new.decoczar.pl\/index.php\/wp-json\/wp\/v2\/types\/product"}],"replies":[{"embeddable":true,"href":"https:\/\/new.decoczar.pl\/index.php\/wp-json\/wp\/v2\/comments?post=2914"}],"wp:featuredmedia":[{"embeddable":true,"href":"https:\/\/new.decoczar.pl\/index.php\/wp-json\/wp\/v2\/media\/2913"}],"wp:attachment":[{"href":"https:\/\/new.decoczar.pl\/index.php\/wp-json\/wp\/v2\/media?parent=2914"}],"wp:term":[{"taxonomy":"brand","embeddable":true,"href":"https:\/\/new.decoczar.pl\/index.php\/wp-json\/wp\/v2\/etheme_brands?post=2914"},{"taxonomy":"product_cat","embeddable":true,"href":"https:\/\/new.decoczar.pl\/index.php\/wp-json\/wp\/v2\/product_cat?post=2914"},{"taxonomy":"product_tag","embeddable":true,"href":"https:\/\/new.decoczar.pl\/index.php\/wp-json\/wp\/v2\/product_tag?post=2914"}],"curies":[{"name":"wp","href":"https:\/\/api.w.org\/{rel}","templated":true}]}}