{"id":3318,"date":"2022-11-26T06:15:05","date_gmt":"2022-11-26T05:15:05","guid":{"rendered":"https:\/\/new.decoczar.pl\/index.php\/product\/zestaw-chmurka-imie-3\/"},"modified":"2022-11-26T06:15:05","modified_gmt":"2022-11-26T05:15:05","slug":"zestaw-chmurka-imie-3","status":"publish","type":"product","link":"https:\/\/new.decoczar.pl\/index.php\/product\/zestaw-chmurka-imie-3\/","title":{"rendered":"Zestaw chmurka + imi\u0119"},"content":{"rendered":"<p>dekoracja + napis<\/p>\n<p> \tWymiary Chmurki 17&#215;10 cm<br \/>\n \tWymiary napisu 13 cm<br \/>\n \tKolor bia\u0142y plus niebieski<br \/>\n \tW uwagach dla klienta prosz\u0119 poda\u0107 imi\u0119 b\u0105d\u017a napis<br \/>\n \tDo\u0142\u0105czona ta\u015bma do przyklejenia<\/p>\n","protected":false},"excerpt":{"rendered":"<p>dekoracja + napis<\/p>\n<p> \tWymiary Chmurki 17&#215;10 cm<br \/>\n \tWymiary napisu 13 cm<br \/>\n \tKolor bia\u0142y plus niebieski<br \/>\n \tW uwagach dla klienta prosz\u0119 poda\u0107 imi\u0119 b\u0105d\u017a napis<br \/>\n \tDo\u0142\u0105czona ta\u015bma do przyklejenia<\/p>\n","protected":false},"featured_media":3317,"comment_status":"open","ping_status":"closed","template":"","meta":[],"etheme_brands":[],"product_cat":[143],"product_tag":[],"class_list":["post-3318","product","type-product","status-publish","has-post-thumbnail","hentry","product_cat-akcesoria-dekoracyjne-chrzest-swiety"],"_links":{"self":[{"href":"https:\/\/new.decoczar.pl\/index.php\/wp-json\/wp\/v2\/product\/3318","targetHints":{"allow":["GET"]}}],"collection":[{"href":"https:\/\/new.decoczar.pl\/index.php\/wp-json\/wp\/v2\/product"}],"about":[{"href":"https:\/\/new.decoczar.pl\/index.php\/wp-json\/wp\/v2\/types\/product"}],"replies":[{"embeddable":true,"href":"https:\/\/new.decoczar.pl\/index.php\/wp-json\/wp\/v2\/comments?post=3318"}],"wp:featuredmedia":[{"embeddable":true,"href":"https:\/\/new.decoczar.pl\/index.php\/wp-json\/wp\/v2\/media\/3317"}],"wp:attachment":[{"href":"https:\/\/new.decoczar.pl\/index.php\/wp-json\/wp\/v2\/media?parent=3318"}],"wp:term":[{"taxonomy":"brand","embeddable":true,"href":"https:\/\/new.decoczar.pl\/index.php\/wp-json\/wp\/v2\/etheme_brands?post=3318"},{"taxonomy":"product_cat","embeddable":true,"href":"https:\/\/new.decoczar.pl\/index.php\/wp-json\/wp\/v2\/product_cat?post=3318"},{"taxonomy":"product_tag","embeddable":true,"href":"https:\/\/new.decoczar.pl\/index.php\/wp-json\/wp\/v2\/product_tag?post=3318"}],"curies":[{"name":"wp","href":"https:\/\/api.w.org\/{rel}","templated":true}]}}