{"id":3322,"date":"2022-11-26T06:15:18","date_gmt":"2022-11-26T05:15:18","guid":{"rendered":"https:\/\/new.decoczar.pl\/index.php\/product\/zestaw-napis-dekory\/"},"modified":"2022-11-26T06:15:18","modified_gmt":"2022-11-26T05:15:18","slug":"zestaw-napis-dekory","status":"publish","type":"product","link":"https:\/\/new.decoczar.pl\/index.php\/product\/zestaw-napis-dekory\/","title":{"rendered":"Zestaw Napis + dekory"},"content":{"rendered":"<p>Napis + dekory<\/p>\n<p> \tWymiary napisu 20&#215;5 cm<br \/>\n \tDekoracj\u0119 kwiaty \u0142\u0105cznie 9 sztuk ( 3szt x 3 cm, 3 szt x 5 cm oraz 3 szt x 7 cm )<br \/>\n \tKolor maturalne drewno<br \/>\n \tW uwagach dla klienta prosz\u0119 poda\u0107 imi\u0119 b\u0105d\u017a napis<\/p>\n","protected":false},"excerpt":{"rendered":"<p>Napis + dekory<\/p>\n<p> \tWymiary napisu 20&#215;5 cm<br \/>\n \tDekoracj\u0119 kwiaty \u0142\u0105cznie 9 sztuk ( 3szt x 3 cm, 3 szt x 5 cm oraz 3 szt x 7 cm )<br \/>\n \tKolor maturalne drewno<br \/>\n \tW uwagach dla klienta prosz\u0119 poda\u0107 imi\u0119 b\u0105d\u017a napis<\/p>\n","protected":false},"featured_media":3321,"comment_status":"open","ping_status":"closed","template":"","meta":[],"etheme_brands":[],"product_cat":[120],"product_tag":[],"class_list":["post-3322","product","type-product","status-publish","has-post-thumbnail","hentry","product_cat-akcesoria-dekoracyjne"],"_links":{"self":[{"href":"https:\/\/new.decoczar.pl\/index.php\/wp-json\/wp\/v2\/product\/3322","targetHints":{"allow":["GET"]}}],"collection":[{"href":"https:\/\/new.decoczar.pl\/index.php\/wp-json\/wp\/v2\/product"}],"about":[{"href":"https:\/\/new.decoczar.pl\/index.php\/wp-json\/wp\/v2\/types\/product"}],"replies":[{"embeddable":true,"href":"https:\/\/new.decoczar.pl\/index.php\/wp-json\/wp\/v2\/comments?post=3322"}],"wp:featuredmedia":[{"embeddable":true,"href":"https:\/\/new.decoczar.pl\/index.php\/wp-json\/wp\/v2\/media\/3321"}],"wp:attachment":[{"href":"https:\/\/new.decoczar.pl\/index.php\/wp-json\/wp\/v2\/media?parent=3322"}],"wp:term":[{"taxonomy":"brand","embeddable":true,"href":"https:\/\/new.decoczar.pl\/index.php\/wp-json\/wp\/v2\/etheme_brands?post=3322"},{"taxonomy":"product_cat","embeddable":true,"href":"https:\/\/new.decoczar.pl\/index.php\/wp-json\/wp\/v2\/product_cat?post=3322"},{"taxonomy":"product_tag","embeddable":true,"href":"https:\/\/new.decoczar.pl\/index.php\/wp-json\/wp\/v2\/product_tag?post=3322"}],"curies":[{"name":"wp","href":"https:\/\/api.w.org\/{rel}","templated":true}]}}