{"id":3367,"date":"2022-12-02T18:35:47","date_gmt":"2022-12-02T17:35:47","guid":{"rendered":"http:\/\/new.decoczar.pl\/index.php\/product\/dekoracje-lustrzane-10-szt\/"},"modified":"2022-12-02T18:35:47","modified_gmt":"2022-12-02T17:35:47","slug":"dekoracje-lustrzane-10-szt","status":"publish","type":"product","link":"https:\/\/new.decoczar.pl\/index.php\/product\/dekoracje-lustrzane-10-szt\/","title":{"rendered":"Dekoracje Lustrzane 10 szt"},"content":{"rendered":"<p>Dekoracje Lustrzane mix<\/p>\n<p> \tNapis 4,5 x 10 cm ( w uwagach do zam\u00f3wienia prosz\u0119 wpisa\u0107 wyraz )<br \/>\n \tKorona 5 cm<br \/>\n \tGwiazdka 5 cm<br \/>\n \tGwiazdka ma\u0142a<br \/>\n \tRz\u0119sy 2 szt 2,5 cm<br \/>\n \tJednoro\u017cec<br \/>\n \tBaletnica<br \/>\n \tMateria\u0142: lustro akrylowe 3 mm<br \/>\n \tKolor srebrny<br \/>\n \tChcesz mie\u0107 swoje dekoracje w pokoju maluszka &#8211; napisz do nas<\/p>\n","protected":false},"excerpt":{"rendered":"<p>Dekoracje Lustrzane mix<\/p>\n<p> \tNapis 4,5 x 10 cm ( w uwagach do zam\u00f3wienia prosz\u0119 wpisa\u0107 wyraz )<br \/>\n \tKorona 5 cm<br \/>\n \tGwiazdka 5 cm<br \/>\n \tGwiazdka ma\u0142a<br \/>\n \tRz\u0119sy 2 szt 2,5 cm<br \/>\n \tJednoro\u017cec<br \/>\n \tBaletnica<br \/>\n \tMateria\u0142: lustro akrylowe 3 mm<br \/>\n \tKolor srebrny<br \/>\n \tChcesz mie\u0107 swoje dekoracje w pokoju maluszka &#8211; napisz do nas<\/p>\n","protected":false},"featured_media":3366,"comment_status":"open","ping_status":"closed","template":"","meta":[],"etheme_brands":[],"product_cat":[120],"product_tag":[],"class_list":["post-3367","product","type-product","status-publish","has-post-thumbnail","hentry","product_cat-akcesoria-dekoracyjne"],"_links":{"self":[{"href":"https:\/\/new.decoczar.pl\/index.php\/wp-json\/wp\/v2\/product\/3367","targetHints":{"allow":["GET"]}}],"collection":[{"href":"https:\/\/new.decoczar.pl\/index.php\/wp-json\/wp\/v2\/product"}],"about":[{"href":"https:\/\/new.decoczar.pl\/index.php\/wp-json\/wp\/v2\/types\/product"}],"replies":[{"embeddable":true,"href":"https:\/\/new.decoczar.pl\/index.php\/wp-json\/wp\/v2\/comments?post=3367"}],"wp:featuredmedia":[{"embeddable":true,"href":"https:\/\/new.decoczar.pl\/index.php\/wp-json\/wp\/v2\/media\/3366"}],"wp:attachment":[{"href":"https:\/\/new.decoczar.pl\/index.php\/wp-json\/wp\/v2\/media?parent=3367"}],"wp:term":[{"taxonomy":"brand","embeddable":true,"href":"https:\/\/new.decoczar.pl\/index.php\/wp-json\/wp\/v2\/etheme_brands?post=3367"},{"taxonomy":"product_cat","embeddable":true,"href":"https:\/\/new.decoczar.pl\/index.php\/wp-json\/wp\/v2\/product_cat?post=3367"},{"taxonomy":"product_tag","embeddable":true,"href":"https:\/\/new.decoczar.pl\/index.php\/wp-json\/wp\/v2\/product_tag?post=3367"}],"curies":[{"name":"wp","href":"https:\/\/api.w.org\/{rel}","templated":true}]}}