{"id":33705,"date":"2025-12-02T02:26:37","date_gmt":"2025-12-02T01:26:37","guid":{"rendered":"https:\/\/new.decoczar.pl\/index.php\/product\/polka-wiszaca-sufitowa-metalowa-loft-85\/"},"modified":"2025-12-02T02:26:37","modified_gmt":"2025-12-02T01:26:37","slug":"polka-wiszaca-sufitowa-metalowa-loft-85","status":"publish","type":"product","link":"https:\/\/new.decoczar.pl\/index.php\/product\/polka-wiszaca-sufitowa-metalowa-loft-85\/","title":{"rendered":"P\u00d3\u0141KA WISZ\u0104CA SUFITOWA METALOWA LOFT"},"content":{"rendered":"<p>Cechy produktu<\/p>\n<p> \tWymiary : wysoko\u015b\u0107 60 cm x szeroko\u015b\u0107 160 cm x g\u0142\u0119boko\u015b\u0107 40 cm<br \/>\n \tProfil : 2&#215;2 cm<br \/>\n \t\u00a0Malowane proszkowo &#8211; czarny mat<br \/>\n \tWszystkie kraw\u0119dzie s\u0105 szlifowane<br \/>\n \tCena dotyczy samego stela\u017ca bez drewnianego blatu ( na \u017cyczenie klienta mo\u017cemy wykona\u0107 z drewnian\u0105 p\u00f3\u0142k\u0105 )<br \/>\n \tCzas realizacji 4-5 tyg po zaksi\u0119gowaniu wp\u0142aty<br \/>\n \tProdukt wykonywany r\u0119cznie w naszej pracowni na zam\u00f3wienie.<br \/>\n \tBRAK WYSY\u0141KI (Odbi\u00f3r osobisty Warszawa b\u0105d\u017a okolice Legionowa )<br \/>\n \tProdukt Polski &#8211; 100% handmade<br \/>\n \tProdukt posiada otwory monta\u017cowe<br \/>\n \tPRODUKT NA ZAM\u00d3WIENIE !<\/p>\n","protected":false},"excerpt":{"rendered":"<p>Cechy produktu<\/p>\n<p> \tWymiary : wysoko\u015b\u0107 60 cm x szeroko\u015b\u0107 160 cm x g\u0142\u0119boko\u015b\u0107 40 cm<br \/>\n \tProfil : 2&#215;2 cm<br \/>\n \t\u00a0Malowane proszkowo &#8211; czarny mat<br \/>\n \tWszystkie kraw\u0119dzie s\u0105 szlifowane<br \/>\n \tCena dotyczy samego stela\u017ca bez drewnianego blatu ( na \u017cyczenie klienta mo\u017cemy wykona\u0107 z drewnian\u0105 p\u00f3\u0142k\u0105 )<br \/>\n \tCzas realizacji 4-5 tyg po zaksi\u0119gowaniu wp\u0142aty<br \/>\n \tProdukt wykonywany r\u0119cznie w naszej pracowni na zam\u00f3wienie.<br \/>\n \tBRAK WYSY\u0141KI (Odbi\u00f3r osobisty Warszawa b\u0105d\u017a okolice Legionowa )<br \/>\n \tProdukt Polski &#8211; 100% handmade<br \/>\n \tProdukt posiada otwory monta\u017cowe<br \/>\n \tPRODUKT NA ZAM\u00d3WIENIE !<\/p>\n","protected":false},"featured_media":4788,"comment_status":"open","ping_status":"closed","template":"","meta":[],"etheme_brands":[],"product_cat":[210],"product_tag":[],"class_list":["post-33705","product","type-product","status-publish","has-post-thumbnail","hentry","product_cat-podstawy-metalowe-stelaze-stojaki-polki-loft"],"_links":{"self":[{"href":"https:\/\/new.decoczar.pl\/index.php\/wp-json\/wp\/v2\/product\/33705","targetHints":{"allow":["GET"]}}],"collection":[{"href":"https:\/\/new.decoczar.pl\/index.php\/wp-json\/wp\/v2\/product"}],"about":[{"href":"https:\/\/new.decoczar.pl\/index.php\/wp-json\/wp\/v2\/types\/product"}],"replies":[{"embeddable":true,"href":"https:\/\/new.decoczar.pl\/index.php\/wp-json\/wp\/v2\/comments?post=33705"}],"wp:featuredmedia":[{"embeddable":true,"href":"https:\/\/new.decoczar.pl\/index.php\/wp-json\/wp\/v2\/media\/4788"}],"wp:attachment":[{"href":"https:\/\/new.decoczar.pl\/index.php\/wp-json\/wp\/v2\/media?parent=33705"}],"wp:term":[{"taxonomy":"brand","embeddable":true,"href":"https:\/\/new.decoczar.pl\/index.php\/wp-json\/wp\/v2\/etheme_brands?post=33705"},{"taxonomy":"product_cat","embeddable":true,"href":"https:\/\/new.decoczar.pl\/index.php\/wp-json\/wp\/v2\/product_cat?post=33705"},{"taxonomy":"product_tag","embeddable":true,"href":"https:\/\/new.decoczar.pl\/index.php\/wp-json\/wp\/v2\/product_tag?post=33705"}],"curies":[{"name":"wp","href":"https:\/\/api.w.org\/{rel}","templated":true}]}}