{"id":34015,"date":"2025-12-10T09:37:21","date_gmt":"2025-12-10T08:37:21","guid":{"rendered":"https:\/\/new.decoczar.pl\/index.php\/product\/noga-do-stolu-skorpion-podstawa-metalowa-86\/"},"modified":"2025-12-10T09:37:21","modified_gmt":"2025-12-10T08:37:21","slug":"noga-do-stolu-skorpion-podstawa-metalowa-86","status":"publish","type":"product","link":"https:\/\/new.decoczar.pl\/index.php\/product\/noga-do-stolu-skorpion-podstawa-metalowa-86\/","title":{"rendered":"NOGA DO STO\u0141U SKORPION \/ PODSTAWA METALOWA"},"content":{"rendered":"<p> \tWymiary : 120 x 70 cm<br \/>\n \tWysoko\u015b\u0107 72 cm<br \/>\n \tRozstaw n\u00f3g na dole 90&#215;55<br \/>\n \tMalowane proszkowo \u2013 czarny mat (mo\u017cliwo\u015b\u0107 zmiany koloru z palety RAL )<br \/>\n \tProfil 6&#215;2 cm<br \/>\n \tMo\u017cliwo\u015b\u0107 wysy\u0142ki (wysy\u0142ka paletowa zabezpieczona pasami ) koszt 280 z\u0142<br \/>\n \tProdukt wykonywany na zam\u00f3wienie 21 dni roboczych \u2013 po zaksi\u0119gowaniu wp\u0142aty<br \/>\n \tZam\u00f3wienie tylko wp\u0142ata na konto &#8211;\u00a0 nie wysy\u0142am za pobraniem<\/p>\n<p> \tProdukt w ca\u0142o\u015bci wykonany w Polsce. Kupuj\u0105c u nas wspierasz Polsk\u0105 przedsi\u0119biorczo\u015b\u0107<br \/>\n \tProdukt posiada\u00a0 otwory monta\u017cowe i z \u0142atwo\u015bci\u0105 mo\u017cna\u00a0 je przykr\u0119ci\u0107 do blatu\u00a0poprzez przykr\u0119cenie\u00a0 wkr\u0119t\u00f3w od do\u0142u<\/p>\n","protected":false},"excerpt":{"rendered":"<p> \tWymiary : 120 x 70 cm<br \/>\n \tWysoko\u015b\u0107 72 cm<br \/>\n \tRozstaw n\u00f3g na dole 90&#215;55<br \/>\n \tMalowane proszkowo \u2013 czarny mat (mo\u017cliwo\u015b\u0107 zmiany koloru z palety RAL )<br \/>\n \tProfil 6&#215;2 cm<br \/>\n \tMo\u017cliwo\u015b\u0107 wysy\u0142ki (wysy\u0142ka paletowa zabezpieczona pasami ) koszt 280 z\u0142<br \/>\n \tProdukt wykonywany na zam\u00f3wienie 21 dni roboczych \u2013 po zaksi\u0119gowaniu wp\u0142aty<br \/>\n \tZam\u00f3wienie tylko wp\u0142ata na konto &#8211;\u00a0 nie wysy\u0142am za pobraniem<\/p>\n<p> \tProdukt w ca\u0142o\u015bci wykonany w Polsce. Kupuj\u0105c u nas wspierasz Polsk\u0105 przedsi\u0119biorczo\u015b\u0107<br \/>\n \tProdukt posiada\u00a0 otwory monta\u017cowe i z \u0142atwo\u015bci\u0105 mo\u017cna\u00a0 je przykr\u0119ci\u0107 do blatu\u00a0poprzez przykr\u0119cenie\u00a0 wkr\u0119t\u00f3w od do\u0142u<\/p>\n","protected":false},"featured_media":4873,"comment_status":"open","ping_status":"closed","template":"","meta":[],"etheme_brands":[],"product_cat":[50],"product_tag":[],"class_list":["post-34015","product","type-product","status-publish","has-post-thumbnail","hentry","product_cat-podstawy-metalowe-stelaze-stojaki"],"_links":{"self":[{"href":"https:\/\/new.decoczar.pl\/index.php\/wp-json\/wp\/v2\/product\/34015","targetHints":{"allow":["GET"]}}],"collection":[{"href":"https:\/\/new.decoczar.pl\/index.php\/wp-json\/wp\/v2\/product"}],"about":[{"href":"https:\/\/new.decoczar.pl\/index.php\/wp-json\/wp\/v2\/types\/product"}],"replies":[{"embeddable":true,"href":"https:\/\/new.decoczar.pl\/index.php\/wp-json\/wp\/v2\/comments?post=34015"}],"wp:featuredmedia":[{"embeddable":true,"href":"https:\/\/new.decoczar.pl\/index.php\/wp-json\/wp\/v2\/media\/4873"}],"wp:attachment":[{"href":"https:\/\/new.decoczar.pl\/index.php\/wp-json\/wp\/v2\/media?parent=34015"}],"wp:term":[{"taxonomy":"brand","embeddable":true,"href":"https:\/\/new.decoczar.pl\/index.php\/wp-json\/wp\/v2\/etheme_brands?post=34015"},{"taxonomy":"product_cat","embeddable":true,"href":"https:\/\/new.decoczar.pl\/index.php\/wp-json\/wp\/v2\/product_cat?post=34015"},{"taxonomy":"product_tag","embeddable":true,"href":"https:\/\/new.decoczar.pl\/index.php\/wp-json\/wp\/v2\/product_tag?post=34015"}],"curies":[{"name":"wp","href":"https:\/\/api.w.org\/{rel}","templated":true}]}}