{"id":34407,"date":"2025-12-24T15:39:36","date_gmt":"2025-12-24T14:39:36","guid":{"rendered":"http:\/\/new.decoczar.pl\/index.php\/product\/podkladki-z-zywicy-niebiesko-granatowo-zlote-2-szt-76\/"},"modified":"2025-12-24T15:39:36","modified_gmt":"2025-12-24T14:39:36","slug":"podkladki-z-zywicy-niebiesko-granatowo-zlote-2-szt-76","status":"publish","type":"product","link":"https:\/\/new.decoczar.pl\/index.php\/product\/podkladki-z-zywicy-niebiesko-granatowo-zlote-2-szt-76\/","title":{"rendered":"Podk\u0142adki z \u017cywicy niebiesko granatowo z\u0142ote 2 szt"},"content":{"rendered":"<p>Cechy produktu :<\/p>\n<p> \tWymiary : \u015brednica ok 10-12 cm<br \/>\n \tKolor granatowy, niebieski + z\u0142oty<br \/>\n \tOzdobne, prezentowe opakowanie<br \/>\n \tCzas realizacji 10 dni roboczych po zaksi\u0119gowaniu wp\u0142aty ( praca z \u017cywic\u0105 zale\u017cna jest od pogody )<br \/>\n \tPodk\u0142adki pi\u0119knie mieni\u0105 si\u0119 w s\u0142o\u0144cu poniewa\u017c zosta\u0142 dodany py\u0142ek brokatowy<br \/>\n \tZAMAWIAJ\u0104C KILKA PRODUKT\u00d3W CZAS REALIZACJI JEST D\u0141U\u017bSZY DO 14 DNI ROBOCZYCH\u00a0<\/p>\n","protected":false},"excerpt":{"rendered":"<p>Cechy produktu :<\/p>\n<p> \tWymiary : \u015brednica ok 10-12 cm<br \/>\n \tKolor granatowy, niebieski + z\u0142oty<br \/>\n \tOzdobne, prezentowe opakowanie<br \/>\n \tCzas realizacji 10 dni roboczych po zaksi\u0119gowaniu wp\u0142aty ( praca z \u017cywic\u0105 zale\u017cna jest od pogody )<br \/>\n \tPodk\u0142adki pi\u0119knie mieni\u0105 si\u0119 w s\u0142o\u0144cu poniewa\u017c zosta\u0142 dodany py\u0142ek brokatowy<br \/>\n \tZAMAWIAJ\u0104C KILKA PRODUKT\u00d3W CZAS REALIZACJI JEST D\u0141U\u017bSZY DO 14 DNI ROBOCZYCH\u00a0<\/p>\n","protected":false},"featured_media":0,"comment_status":"open","ping_status":"closed","template":"","meta":[],"etheme_brands":[],"product_cat":[232],"product_tag":[],"class_list":["post-34407","product","type-product","status-publish","hentry","product_cat-dostepne-od-reki-podkladki"],"_links":{"self":[{"href":"https:\/\/new.decoczar.pl\/index.php\/wp-json\/wp\/v2\/product\/34407","targetHints":{"allow":["GET"]}}],"collection":[{"href":"https:\/\/new.decoczar.pl\/index.php\/wp-json\/wp\/v2\/product"}],"about":[{"href":"https:\/\/new.decoczar.pl\/index.php\/wp-json\/wp\/v2\/types\/product"}],"replies":[{"embeddable":true,"href":"https:\/\/new.decoczar.pl\/index.php\/wp-json\/wp\/v2\/comments?post=34407"}],"wp:attachment":[{"href":"https:\/\/new.decoczar.pl\/index.php\/wp-json\/wp\/v2\/media?parent=34407"}],"wp:term":[{"taxonomy":"brand","embeddable":true,"href":"https:\/\/new.decoczar.pl\/index.php\/wp-json\/wp\/v2\/etheme_brands?post=34407"},{"taxonomy":"product_cat","embeddable":true,"href":"https:\/\/new.decoczar.pl\/index.php\/wp-json\/wp\/v2\/product_cat?post=34407"},{"taxonomy":"product_tag","embeddable":true,"href":"https:\/\/new.decoczar.pl\/index.php\/wp-json\/wp\/v2\/product_tag?post=34407"}],"curies":[{"name":"wp","href":"https:\/\/api.w.org\/{rel}","templated":true}]}}