{"id":3550,"date":"2023-01-10T07:23:26","date_gmt":"2023-01-10T06:23:26","guid":{"rendered":"http:\/\/new.decoczar.pl\/index.php\/product\/pudelko-ozdobne-male\/"},"modified":"2023-01-10T07:23:26","modified_gmt":"2023-01-10T06:23:26","slug":"pudelko-ozdobne-male","status":"publish","type":"product","link":"https:\/\/new.decoczar.pl\/index.php\/product\/pudelko-ozdobne-male\/","title":{"rendered":"Pude\u0142ko ozdobne ma\u0142e"},"content":{"rendered":"<p>Pude\u0142ko z ozdobne<\/p>\n<p> \tWymiary\u00a015X15x2 cm.<br \/>\n \tKolor naturalny<br \/>\n \tWst\u0105\u017cka dekoracyjna<br \/>\n \tSizal sianko<\/p>\n<p>WYSY\u0141KA TYLKO KURIER !!!<\/p>\n","protected":false},"excerpt":{"rendered":"<p>Pude\u0142ko z ozdobne<\/p>\n<p> \tWymiary\u00a015X15x2 cm.<br \/>\n \tKolor naturalny<br \/>\n \tWst\u0105\u017cka dekoracyjna<br \/>\n \tSizal sianko<\/p>\n<p>WYSY\u0141KA TYLKO KURIER !!!<\/p>\n","protected":false},"featured_media":3549,"comment_status":"open","ping_status":"closed","template":"","meta":[],"etheme_brands":[],"product_cat":[155],"product_tag":[],"class_list":["post-3550","product","type-product","status-publish","has-post-thumbnail","hentry","product_cat-akcesoria-dekoracyjne-boze-narodzenie-zawieszka-z-grawerem"],"_links":{"self":[{"href":"https:\/\/new.decoczar.pl\/index.php\/wp-json\/wp\/v2\/product\/3550","targetHints":{"allow":["GET"]}}],"collection":[{"href":"https:\/\/new.decoczar.pl\/index.php\/wp-json\/wp\/v2\/product"}],"about":[{"href":"https:\/\/new.decoczar.pl\/index.php\/wp-json\/wp\/v2\/types\/product"}],"replies":[{"embeddable":true,"href":"https:\/\/new.decoczar.pl\/index.php\/wp-json\/wp\/v2\/comments?post=3550"}],"wp:featuredmedia":[{"embeddable":true,"href":"https:\/\/new.decoczar.pl\/index.php\/wp-json\/wp\/v2\/media\/3549"}],"wp:attachment":[{"href":"https:\/\/new.decoczar.pl\/index.php\/wp-json\/wp\/v2\/media?parent=3550"}],"wp:term":[{"taxonomy":"brand","embeddable":true,"href":"https:\/\/new.decoczar.pl\/index.php\/wp-json\/wp\/v2\/etheme_brands?post=3550"},{"taxonomy":"product_cat","embeddable":true,"href":"https:\/\/new.decoczar.pl\/index.php\/wp-json\/wp\/v2\/product_cat?post=3550"},{"taxonomy":"product_tag","embeddable":true,"href":"https:\/\/new.decoczar.pl\/index.php\/wp-json\/wp\/v2\/product_tag?post=3550"}],"curies":[{"name":"wp","href":"https:\/\/api.w.org\/{rel}","templated":true}]}}