{"id":3737,"date":"2023-02-11T04:44:25","date_gmt":"2023-02-11T03:44:25","guid":{"rendered":"http:\/\/new.decoczar.pl\/index.php\/product\/mucha-drewniana-zespol-muzyczny-nazwa\/"},"modified":"2023-02-11T04:44:25","modified_gmt":"2023-02-11T03:44:25","slug":"mucha-drewniana-zespol-muzyczny-nazwa","status":"publish","type":"product","link":"https:\/\/new.decoczar.pl\/index.php\/product\/mucha-drewniana-zespol-muzyczny-nazwa\/","title":{"rendered":"Mucha Drewniana &#8222;Zesp\u00f3\u0142 Muzyczny (Nazwa)&#8221;"},"content":{"rendered":"<p>Mucha Drewniana<\/p>\n<p> \tWymiary 12 cm x 6 cm<br \/>\n \tWykonana ze sklejki brzozowej 3 mm<br \/>\n \tRegulacja paska do 52 cm<br \/>\n \tOzdobne pude\u0142ko<br \/>\n \tGrafika<br \/>\n \tZaprojektujemy dla Ciebie indywidualny projekt, logo<br \/>\n \tMo\u017cliwo\u015b\u0107 zam\u00f3wienia zestawu (mucha drewniana+spinki )<br \/>\n \tCzas realizacji 2-5 dni po zaksi\u0119gowaniu wp\u0142aty<\/p>\n<p>WYSY\u0141KA TYLKO KURIER !!!<\/p>\n","protected":false},"excerpt":{"rendered":"<p>Mucha Drewniana<\/p>\n<p> \tWymiary 12 cm x 6 cm<br \/>\n \tWykonana ze sklejki brzozowej 3 mm<br \/>\n \tRegulacja paska do 52 cm<br \/>\n \tOzdobne pude\u0142ko<br \/>\n \tGrafika<br \/>\n \tZaprojektujemy dla Ciebie indywidualny projekt, logo<br \/>\n \tMo\u017cliwo\u015b\u0107 zam\u00f3wienia zestawu (mucha drewniana+spinki )<br \/>\n \tCzas realizacji 2-5 dni po zaksi\u0119gowaniu wp\u0142aty<\/p>\n<p>WYSY\u0141KA TYLKO KURIER !!!<\/p>\n","protected":false},"featured_media":3736,"comment_status":"open","ping_status":"closed","template":"","meta":[],"etheme_brands":[],"product_cat":[132],"product_tag":[],"class_list":["post-3737","product","type-product","status-publish","has-post-thumbnail","hentry","product_cat-slub-dekoracje-spinki-i-muchy-drewniane-dodatki"],"_links":{"self":[{"href":"https:\/\/new.decoczar.pl\/index.php\/wp-json\/wp\/v2\/product\/3737","targetHints":{"allow":["GET"]}}],"collection":[{"href":"https:\/\/new.decoczar.pl\/index.php\/wp-json\/wp\/v2\/product"}],"about":[{"href":"https:\/\/new.decoczar.pl\/index.php\/wp-json\/wp\/v2\/types\/product"}],"replies":[{"embeddable":true,"href":"https:\/\/new.decoczar.pl\/index.php\/wp-json\/wp\/v2\/comments?post=3737"}],"wp:featuredmedia":[{"embeddable":true,"href":"https:\/\/new.decoczar.pl\/index.php\/wp-json\/wp\/v2\/media\/3736"}],"wp:attachment":[{"href":"https:\/\/new.decoczar.pl\/index.php\/wp-json\/wp\/v2\/media?parent=3737"}],"wp:term":[{"taxonomy":"brand","embeddable":true,"href":"https:\/\/new.decoczar.pl\/index.php\/wp-json\/wp\/v2\/etheme_brands?post=3737"},{"taxonomy":"product_cat","embeddable":true,"href":"https:\/\/new.decoczar.pl\/index.php\/wp-json\/wp\/v2\/product_cat?post=3737"},{"taxonomy":"product_tag","embeddable":true,"href":"https:\/\/new.decoczar.pl\/index.php\/wp-json\/wp\/v2\/product_tag?post=3737"}],"curies":[{"name":"wp","href":"https:\/\/api.w.org\/{rel}","templated":true}]}}