{"id":38033,"date":"2026-04-03T13:51:26","date_gmt":"2026-04-03T11:51:26","guid":{"rendered":"https:\/\/new.decoczar.pl\/index.php\/product\/stelaz-hokera-krzeslo-barowe-101\/"},"modified":"2026-04-03T13:51:26","modified_gmt":"2026-04-03T11:51:26","slug":"stelaz-hokera-krzeslo-barowe-101","status":"publish","type":"product","link":"https:\/\/new.decoczar.pl\/index.php\/product\/stelaz-hokera-krzeslo-barowe-101\/","title":{"rendered":"STELA\u017b HOKERA \/ KRZES\u0141O BAROWE"},"content":{"rendered":"<p>Cechy produktu :<\/p>\n<p> \tSzeroko\u015b\u0107\u00a0 35 cm<br \/>\n \tG\u0142\u0119boko\u015b\u0107 35 cm<br \/>\n \tWysoko\u015b\u0107 90 cm z oparciem<br \/>\n \tWysoko\u015b\u0107 do siedziska 80 cm<br \/>\n \tProfil stalowy 2 x 2 cm<br \/>\n \tStela\u017c malowany proszkowo \u2013 mo\u017cliwo\u015b\u0107 wyboru koloru (czarny, bia\u0142y )<br \/>\n \tPolski produkt \u2013 nasza firma jest producentem<br \/>\n \tStabilna, stalowa konstrukcja<br \/>\n \tNowoczesny design<br \/>\n \tOryginalno\u015b\u0107<br \/>\n \tFunkcjonalno\u015b\u0107<br \/>\n \tKonstrukcja spawana<br \/>\n \tProdukt wykonany r\u0119cznie<br \/>\n \tGrubo\u015b\u0107 siedziska \u2013 6 cm<br \/>\n \tCzas realizacji ok 2-3 tyg po zaksi\u0119gowaniu wp\u0142aty<br \/>\n \tWysy\u0142ka od 25 z\u0142<\/p>\n","protected":false},"excerpt":{"rendered":"<p>Cechy produktu :<\/p>\n<p> \tSzeroko\u015b\u0107\u00a0 35 cm<br \/>\n \tG\u0142\u0119boko\u015b\u0107 35 cm<br \/>\n \tWysoko\u015b\u0107 90 cm z oparciem<br \/>\n \tWysoko\u015b\u0107 do siedziska 80 cm<br \/>\n \tProfil stalowy 2 x 2 cm<br \/>\n \tStela\u017c malowany proszkowo \u2013 mo\u017cliwo\u015b\u0107 wyboru koloru (czarny, bia\u0142y )<br \/>\n \tPolski produkt \u2013 nasza firma jest producentem<br \/>\n \tStabilna, stalowa konstrukcja<br \/>\n \tNowoczesny design<br \/>\n \tOryginalno\u015b\u0107<br \/>\n \tFunkcjonalno\u015b\u0107<br \/>\n \tKonstrukcja spawana<br \/>\n \tProdukt wykonany r\u0119cznie<br \/>\n \tGrubo\u015b\u0107 siedziska \u2013 6 cm<br \/>\n \tCzas realizacji ok 2-3 tyg po zaksi\u0119gowaniu wp\u0142aty<br \/>\n \tWysy\u0142ka od 25 z\u0142<\/p>\n","protected":false},"featured_media":4576,"comment_status":"open","ping_status":"closed","template":"","meta":[],"etheme_brands":[],"product_cat":[50],"product_tag":[],"class_list":["post-38033","product","type-product","status-publish","has-post-thumbnail","hentry","product_cat-podstawy-metalowe-stelaze-stojaki"],"_links":{"self":[{"href":"https:\/\/new.decoczar.pl\/index.php\/wp-json\/wp\/v2\/product\/38033","targetHints":{"allow":["GET"]}}],"collection":[{"href":"https:\/\/new.decoczar.pl\/index.php\/wp-json\/wp\/v2\/product"}],"about":[{"href":"https:\/\/new.decoczar.pl\/index.php\/wp-json\/wp\/v2\/types\/product"}],"replies":[{"embeddable":true,"href":"https:\/\/new.decoczar.pl\/index.php\/wp-json\/wp\/v2\/comments?post=38033"}],"wp:featuredmedia":[{"embeddable":true,"href":"https:\/\/new.decoczar.pl\/index.php\/wp-json\/wp\/v2\/media\/4576"}],"wp:attachment":[{"href":"https:\/\/new.decoczar.pl\/index.php\/wp-json\/wp\/v2\/media?parent=38033"}],"wp:term":[{"taxonomy":"brand","embeddable":true,"href":"https:\/\/new.decoczar.pl\/index.php\/wp-json\/wp\/v2\/etheme_brands?post=38033"},{"taxonomy":"product_cat","embeddable":true,"href":"https:\/\/new.decoczar.pl\/index.php\/wp-json\/wp\/v2\/product_cat?post=38033"},{"taxonomy":"product_tag","embeddable":true,"href":"https:\/\/new.decoczar.pl\/index.php\/wp-json\/wp\/v2\/product_tag?post=38033"}],"curies":[{"name":"wp","href":"https:\/\/api.w.org\/{rel}","templated":true}]}}