{"id":38059,"date":"2026-04-03T13:52:27","date_gmt":"2026-04-03T11:52:27","guid":{"rendered":"https:\/\/new.decoczar.pl\/index.php\/product\/noga-do-stolu-podstawa-metalowa-xl-101\/"},"modified":"2026-04-03T13:52:27","modified_gmt":"2026-04-03T11:52:27","slug":"noga-do-stolu-podstawa-metalowa-xl-101","status":"publish","type":"product","link":"https:\/\/new.decoczar.pl\/index.php\/product\/noga-do-stolu-podstawa-metalowa-xl-101\/","title":{"rendered":"NOGA DO STO\u0141U\/ PODSTAWA METALOWA XL"},"content":{"rendered":"<p>Cechy produktu :<\/p>\n<p> \tWymiary : wysoko\u015b\u0107 72 cm<br \/>\n \tD\u0142ugo\u015b\u0107 180 cm, szeroko\u015b\u0107\u00a0 80 cm<br \/>\n \tProfil 6&#215;2 cm, rama 4&#215;2 cm<br \/>\n \tNo g\u00f3rze stela\u017c jest wzmocniony ram\u0105<br \/>\n \tMalowane proszkowo czarny mat ( mo\u017cliwo\u015b\u0107 zmiany koloru z palety RAL)<br \/>\n \tWYSY\u0141KA PALETOWA \u2013 TYLKO WP\u0141ATA NA KONTO\u00a0<br \/>\n \tCzas realizacji 4-5 tyg po zaksi\u0119gowaniu wp\u0142aty<br \/>\n \tProdukt posiada\u00a0 otwory monta\u017cowe i z \u0142atwo\u015bci\u0105 mo\u017cna\u00a0 je przykr\u0119ci\u0107 do blatu\u00a0poprzez przykr\u0119cenie\u00a0 wkr\u0119t\u00f3w od do\u0142u.<br \/>\n \tProdukt w ca\u0142o\u015bci wykonany w Polsce. Kupuj\u0105c u nas wspierasz Polsk\u0105 przedsi\u0119biorczo\u015b\u0107<\/p>\n<p>\u00a0<\/p>\n<p>\u00a0<\/p>\n<p>\u00a0<\/p>\n","protected":false},"excerpt":{"rendered":"<p>Cechy produktu :<\/p>\n<p> \tWymiary : wysoko\u015b\u0107 72 cm<br \/>\n \tD\u0142ugo\u015b\u0107 180 cm, szeroko\u015b\u0107\u00a0 80 cm<br \/>\n \tProfil 6&#215;2 cm, rama 4&#215;2 cm<br \/>\n \tNo g\u00f3rze stela\u017c jest wzmocniony ram\u0105<br \/>\n \tMalowane proszkowo czarny mat ( mo\u017cliwo\u015b\u0107 zmiany koloru z palety RAL)<br \/>\n \tWYSY\u0141KA PALETOWA \u2013 TYLKO WP\u0141ATA NA KONTO\u00a0<br \/>\n \tCzas realizacji 4-5 tyg po zaksi\u0119gowaniu wp\u0142aty<br \/>\n \tProdukt posiada\u00a0 otwory monta\u017cowe i z \u0142atwo\u015bci\u0105 mo\u017cna\u00a0 je przykr\u0119ci\u0107 do blatu\u00a0poprzez przykr\u0119cenie\u00a0 wkr\u0119t\u00f3w od do\u0142u.<br \/>\n \tProdukt w ca\u0142o\u015bci wykonany w Polsce. Kupuj\u0105c u nas wspierasz Polsk\u0105 przedsi\u0119biorczo\u015b\u0107<\/p>\n<p>\u00a0<\/p>\n<p>\u00a0<\/p>\n<p>\u00a0<\/p>\n","protected":false},"featured_media":4649,"comment_status":"open","ping_status":"closed","template":"","meta":[],"etheme_brands":[],"product_cat":[50],"product_tag":[],"class_list":["post-38059","product","type-product","status-publish","has-post-thumbnail","hentry","product_cat-podstawy-metalowe-stelaze-stojaki"],"_links":{"self":[{"href":"https:\/\/new.decoczar.pl\/index.php\/wp-json\/wp\/v2\/product\/38059","targetHints":{"allow":["GET"]}}],"collection":[{"href":"https:\/\/new.decoczar.pl\/index.php\/wp-json\/wp\/v2\/product"}],"about":[{"href":"https:\/\/new.decoczar.pl\/index.php\/wp-json\/wp\/v2\/types\/product"}],"replies":[{"embeddable":true,"href":"https:\/\/new.decoczar.pl\/index.php\/wp-json\/wp\/v2\/comments?post=38059"}],"wp:featuredmedia":[{"embeddable":true,"href":"https:\/\/new.decoczar.pl\/index.php\/wp-json\/wp\/v2\/media\/4649"}],"wp:attachment":[{"href":"https:\/\/new.decoczar.pl\/index.php\/wp-json\/wp\/v2\/media?parent=38059"}],"wp:term":[{"taxonomy":"brand","embeddable":true,"href":"https:\/\/new.decoczar.pl\/index.php\/wp-json\/wp\/v2\/etheme_brands?post=38059"},{"taxonomy":"product_cat","embeddable":true,"href":"https:\/\/new.decoczar.pl\/index.php\/wp-json\/wp\/v2\/product_cat?post=38059"},{"taxonomy":"product_tag","embeddable":true,"href":"https:\/\/new.decoczar.pl\/index.php\/wp-json\/wp\/v2\/product_tag?post=38059"}],"curies":[{"name":"wp","href":"https:\/\/api.w.org\/{rel}","templated":true}]}}