{"id":38067,"date":"2026-04-03T13:52:30","date_gmt":"2026-04-03T11:52:30","guid":{"rendered":"https:\/\/new.decoczar.pl\/index.php\/product\/regal-stelaz-industrialny-loft-200x100-102\/"},"modified":"2026-04-03T13:52:30","modified_gmt":"2026-04-03T11:52:30","slug":"regal-stelaz-industrialny-loft-200x100-102","status":"publish","type":"product","link":"https:\/\/new.decoczar.pl\/index.php\/product\/regal-stelaz-industrialny-loft-200x100-102\/","title":{"rendered":"REGA\u0141 &#8211; STELA\u017b INDUSTRIALNY \/ LOFT 200X100"},"content":{"rendered":"<p>Cechy produktu :<\/p>\n<p> \tWymiary: 200\u202f\u00d7\u202f100\u202fcm \u2014 idealne proporcje do aran\u017cacji przestrzeni<br \/>\n \tStela\u017c wykonany z profili stalowych 2\u00d72\u202fcm \u2014 mocna i stabilna konstrukcja malowana proszkowo<br \/>\n \t&#x1f5a4; Industrialny charakter \u2014 prosta, surowa linia wpisuje si\u0119 w trendy loftowe i minimalistyczne aran\u017cacje<br \/>\n \tProdukt r\u0119cznie wykonany w Polsce \u2014 jako\u015b\u0107 i dba\u0142o\u015b\u0107 o detale.<br \/>\n \tRegulowany projekt: to sam stela\u017c bez p\u00f3\u0142ek \u2014 mo\u017cesz go samodzielnie uzupe\u0142ni\u0107 o p\u00f3\u0142ki lub zam\u00f3wi\u0107 u nas dodatkowe elementy (p\u0142yty, p\u00f3\u0142ki drewniane lub laminowane).<br \/>\n \tMalowany proszkowo<br \/>\n \tMo\u017cliwo\u015b\u0107 personalizacji: inny kolor, wi\u0119cej p\u00f3\u0142ek, niestandardowe wymiary \u2014 napisz do nas!<br \/>\n \tCzas realizacji do 21 dni roboczych po zaksi\u0119gowaniu wp\u0142aty<br \/>\n \tTYLKO ODBI\u00d3R OSOBISTY (WARSZAWA BR\u00d3DNO lub Okolice Legionowa )<br \/>\n \tPodklejone podk\u0142adk\u0105 by zabezpieczy\u0107 przed zarysowaniem pod\u0142\u00f3g.<\/p>\n","protected":false},"excerpt":{"rendered":"<p>Cechy produktu :<\/p>\n<p> \tWymiary: 200\u202f\u00d7\u202f100\u202fcm \u2014 idealne proporcje do aran\u017cacji przestrzeni<br \/>\n \tStela\u017c wykonany z profili stalowych 2\u00d72\u202fcm \u2014 mocna i stabilna konstrukcja malowana proszkowo<br \/>\n \t&#x1f5a4; Industrialny charakter \u2014 prosta, surowa linia wpisuje si\u0119 w trendy loftowe i minimalistyczne aran\u017cacje<br \/>\n \tProdukt r\u0119cznie wykonany w Polsce \u2014 jako\u015b\u0107 i dba\u0142o\u015b\u0107 o detale.<br \/>\n \tRegulowany projekt: to sam stela\u017c bez p\u00f3\u0142ek \u2014 mo\u017cesz go samodzielnie uzupe\u0142ni\u0107 o p\u00f3\u0142ki lub zam\u00f3wi\u0107 u nas dodatkowe elementy (p\u0142yty, p\u00f3\u0142ki drewniane lub laminowane).<br \/>\n \tMalowany proszkowo<br \/>\n \tMo\u017cliwo\u015b\u0107 personalizacji: inny kolor, wi\u0119cej p\u00f3\u0142ek, niestandardowe wymiary \u2014 napisz do nas!<br \/>\n \tCzas realizacji do 21 dni roboczych po zaksi\u0119gowaniu wp\u0142aty<br \/>\n \tTYLKO ODBI\u00d3R OSOBISTY (WARSZAWA BR\u00d3DNO lub Okolice Legionowa )<br \/>\n \tPodklejone podk\u0142adk\u0105 by zabezpieczy\u0107 przed zarysowaniem pod\u0142\u00f3g.<\/p>\n","protected":false},"featured_media":0,"comment_status":"open","ping_status":"closed","template":"","meta":[],"etheme_brands":[],"product_cat":[50],"product_tag":[],"class_list":["post-38067","product","type-product","status-publish","hentry","product_cat-podstawy-metalowe-stelaze-stojaki"],"_links":{"self":[{"href":"https:\/\/new.decoczar.pl\/index.php\/wp-json\/wp\/v2\/product\/38067","targetHints":{"allow":["GET"]}}],"collection":[{"href":"https:\/\/new.decoczar.pl\/index.php\/wp-json\/wp\/v2\/product"}],"about":[{"href":"https:\/\/new.decoczar.pl\/index.php\/wp-json\/wp\/v2\/types\/product"}],"replies":[{"embeddable":true,"href":"https:\/\/new.decoczar.pl\/index.php\/wp-json\/wp\/v2\/comments?post=38067"}],"wp:attachment":[{"href":"https:\/\/new.decoczar.pl\/index.php\/wp-json\/wp\/v2\/media?parent=38067"}],"wp:term":[{"taxonomy":"brand","embeddable":true,"href":"https:\/\/new.decoczar.pl\/index.php\/wp-json\/wp\/v2\/etheme_brands?post=38067"},{"taxonomy":"product_cat","embeddable":true,"href":"https:\/\/new.decoczar.pl\/index.php\/wp-json\/wp\/v2\/product_cat?post=38067"},{"taxonomy":"product_tag","embeddable":true,"href":"https:\/\/new.decoczar.pl\/index.php\/wp-json\/wp\/v2\/product_tag?post=38067"}],"curies":[{"name":"wp","href":"https:\/\/api.w.org\/{rel}","templated":true}]}}