{"id":38143,"date":"2026-04-03T13:55:24","date_gmt":"2026-04-03T11:55:24","guid":{"rendered":"https:\/\/new.decoczar.pl\/index.php\/product\/taca-patera-dekoracyjna-czarno-zlota-102\/"},"modified":"2026-04-03T13:55:24","modified_gmt":"2026-04-03T11:55:24","slug":"taca-patera-dekoracyjna-czarno-zlota-102","status":"publish","type":"product","link":"https:\/\/new.decoczar.pl\/index.php\/product\/taca-patera-dekoracyjna-czarno-zlota-102\/","title":{"rendered":"Taca \/ PATERA dekoracyjna czarno z\u0142ota"},"content":{"rendered":"<p>Taca\/Patera dekoracyjna<\/p>\n<p> \tWymiary ; \u015brednica 25 cm<br \/>\n \tKolorystyka\u00a0 czarny + z\u0142oty<br \/>\n \tCzas realizacji 10 dni roboczych po zaksi\u0119gowaniu wp\u0142aty<br \/>\n \tWykonujemy r\u00f3wnie\u017c indywidualne zam\u00f3wienia kolorystyczne klienta<br \/>\n \tWysy\u0142ka kurier \/ kurier pobranie<br \/>\n \tKryszta\u0142owy uchwyt<br \/>\n \tR\u00f3wnie\u017c mo\u017cna dom\u00f3wi\u0107 podk\u0142adki kt\u00f3re s\u0105 dost\u0119pne jak na zdj\u0119ciu<br \/>\n \tZAMAWI\u0104JAC KILKA PRODUKT\u00d3W CZAS REALZIACJI JEST D\u0141U\u017bSZY DO 14 DNI ROBOCZYCH\u00a0<\/p>\n","protected":false},"excerpt":{"rendered":"<p>Taca\/Patera dekoracyjna<\/p>\n<p> \tWymiary ; \u015brednica 25 cm<br \/>\n \tKolorystyka\u00a0 czarny + z\u0142oty<br \/>\n \tCzas realizacji 10 dni roboczych po zaksi\u0119gowaniu wp\u0142aty<br \/>\n \tWykonujemy r\u00f3wnie\u017c indywidualne zam\u00f3wienia kolorystyczne klienta<br \/>\n \tWysy\u0142ka kurier \/ kurier pobranie<br \/>\n \tKryszta\u0142owy uchwyt<br \/>\n \tR\u00f3wnie\u017c mo\u017cna dom\u00f3wi\u0107 podk\u0142adki kt\u00f3re s\u0105 dost\u0119pne jak na zdj\u0119ciu<br \/>\n \tZAMAWI\u0104JAC KILKA PRODUKT\u00d3W CZAS REALZIACJI JEST D\u0141U\u017bSZY DO 14 DNI ROBOCZYCH\u00a0<\/p>\n","protected":false},"featured_media":7421,"comment_status":"open","ping_status":"closed","template":"","meta":[],"etheme_brands":[],"product_cat":[253],"product_tag":[],"class_list":["post-38143","product","type-product","status-publish","has-post-thumbnail","hentry","product_cat-dostepne-od-reki-patery-tace-dekoracyjne"],"_links":{"self":[{"href":"https:\/\/new.decoczar.pl\/index.php\/wp-json\/wp\/v2\/product\/38143","targetHints":{"allow":["GET"]}}],"collection":[{"href":"https:\/\/new.decoczar.pl\/index.php\/wp-json\/wp\/v2\/product"}],"about":[{"href":"https:\/\/new.decoczar.pl\/index.php\/wp-json\/wp\/v2\/types\/product"}],"replies":[{"embeddable":true,"href":"https:\/\/new.decoczar.pl\/index.php\/wp-json\/wp\/v2\/comments?post=38143"}],"wp:featuredmedia":[{"embeddable":true,"href":"https:\/\/new.decoczar.pl\/index.php\/wp-json\/wp\/v2\/media\/7421"}],"wp:attachment":[{"href":"https:\/\/new.decoczar.pl\/index.php\/wp-json\/wp\/v2\/media?parent=38143"}],"wp:term":[{"taxonomy":"brand","embeddable":true,"href":"https:\/\/new.decoczar.pl\/index.php\/wp-json\/wp\/v2\/etheme_brands?post=38143"},{"taxonomy":"product_cat","embeddable":true,"href":"https:\/\/new.decoczar.pl\/index.php\/wp-json\/wp\/v2\/product_cat?post=38143"},{"taxonomy":"product_tag","embeddable":true,"href":"https:\/\/new.decoczar.pl\/index.php\/wp-json\/wp\/v2\/product_tag?post=38143"}],"curies":[{"name":"wp","href":"https:\/\/api.w.org\/{rel}","templated":true}]}}