{"id":38148,"date":"2026-04-03T13:55:26","date_gmt":"2026-04-03T11:55:26","guid":{"rendered":"https:\/\/new.decoczar.pl\/index.php\/product\/stojak-na-kwiaty-kwietnik-40-cm-102\/"},"modified":"2026-04-03T13:55:26","modified_gmt":"2026-04-03T11:55:26","slug":"stojak-na-kwiaty-kwietnik-40-cm-102","status":"publish","type":"product","link":"https:\/\/new.decoczar.pl\/index.php\/product\/stojak-na-kwiaty-kwietnik-40-cm-102\/","title":{"rendered":"STOJAK NA KWIATY \/ KWIETNIK 40 cm"},"content":{"rendered":"<p>Stojak Metalowy<\/p>\n<p> \tWymiary 40 cm wysoko\u015b\u0107<br \/>\n \tSzeroko\u015b\u0107 20 x20 cm<br \/>\n \tKolor dost\u0119pny z\u0142oty, czarny, bia\u0142y<br \/>\n \tCzas realizacji do 10 dni roboczych po zaksi\u0119gowaniu wp\u0142aty<br \/>\n \tIstnieje mo\u017cliwo\u015b\u0107 zam\u00f3wienia indywidualnego pod wymiar.<br \/>\n \tMasz pytania &#8211; napisz do nas sklep@decoczar.pl<br \/>\n \tProfil 2&#215;2<br \/>\n \tW uwagach do zam\u00f3wienia prosz\u0119 o podanie koloru<br \/>\n \t\u00a0stojak posiada g\u00f3rn\u0105 podstaw\u0119<br \/>\n \tZamawiaj\u0105c 2 szt i wi\u0119cej czas realizacji jest d\u0142u\u017cszy<br \/>\n \tNIE WYSY\u0141AM ZA POBRANIEM &#8211; TYLKO WP\u0141ATA NA KONTO\u00a0<br \/>\n \tWYSY\u0141KA TYLKO KURIER METAL !!!\u00a0 (23 Z\u0141 &#8211; 1 szt ) (2,3 szt 40 z\u0142 )\u00a0<\/p>\n<p>\u00a0<\/p>\n","protected":false},"excerpt":{"rendered":"<p>Stojak Metalowy<\/p>\n<p> \tWymiary 40 cm wysoko\u015b\u0107<br \/>\n \tSzeroko\u015b\u0107 20 x20 cm<br \/>\n \tKolor dost\u0119pny z\u0142oty, czarny, bia\u0142y<br \/>\n \tCzas realizacji do 10 dni roboczych po zaksi\u0119gowaniu wp\u0142aty<br \/>\n \tIstnieje mo\u017cliwo\u015b\u0107 zam\u00f3wienia indywidualnego pod wymiar.<br \/>\n \tMasz pytania &#8211; napisz do nas sklep@decoczar.pl<br \/>\n \tProfil 2&#215;2<br \/>\n \tW uwagach do zam\u00f3wienia prosz\u0119 o podanie koloru<br \/>\n \t\u00a0stojak posiada g\u00f3rn\u0105 podstaw\u0119<br \/>\n \tZamawiaj\u0105c 2 szt i wi\u0119cej czas realizacji jest d\u0142u\u017cszy<br \/>\n \tNIE WYSY\u0141AM ZA POBRANIEM &#8211; TYLKO WP\u0141ATA NA KONTO\u00a0<br \/>\n \tWYSY\u0141KA TYLKO KURIER METAL !!!\u00a0 (23 Z\u0141 &#8211; 1 szt ) (2,3 szt 40 z\u0142 )\u00a0<\/p>\n<p>\u00a0<\/p>\n","protected":false},"featured_media":2562,"comment_status":"open","ping_status":"closed","template":"","meta":[],"etheme_brands":[],"product_cat":[50],"product_tag":[],"class_list":["post-38148","product","type-product","status-publish","has-post-thumbnail","hentry","product_cat-podstawy-metalowe-stelaze-stojaki"],"_links":{"self":[{"href":"https:\/\/new.decoczar.pl\/index.php\/wp-json\/wp\/v2\/product\/38148","targetHints":{"allow":["GET"]}}],"collection":[{"href":"https:\/\/new.decoczar.pl\/index.php\/wp-json\/wp\/v2\/product"}],"about":[{"href":"https:\/\/new.decoczar.pl\/index.php\/wp-json\/wp\/v2\/types\/product"}],"replies":[{"embeddable":true,"href":"https:\/\/new.decoczar.pl\/index.php\/wp-json\/wp\/v2\/comments?post=38148"}],"wp:featuredmedia":[{"embeddable":true,"href":"https:\/\/new.decoczar.pl\/index.php\/wp-json\/wp\/v2\/media\/2562"}],"wp:attachment":[{"href":"https:\/\/new.decoczar.pl\/index.php\/wp-json\/wp\/v2\/media?parent=38148"}],"wp:term":[{"taxonomy":"brand","embeddable":true,"href":"https:\/\/new.decoczar.pl\/index.php\/wp-json\/wp\/v2\/etheme_brands?post=38148"},{"taxonomy":"product_cat","embeddable":true,"href":"https:\/\/new.decoczar.pl\/index.php\/wp-json\/wp\/v2\/product_cat?post=38148"},{"taxonomy":"product_tag","embeddable":true,"href":"https:\/\/new.decoczar.pl\/index.php\/wp-json\/wp\/v2\/product_tag?post=38148"}],"curies":[{"name":"wp","href":"https:\/\/api.w.org\/{rel}","templated":true}]}}