{"id":38178,"date":"2026-04-03T13:56:26","date_gmt":"2026-04-03T11:56:26","guid":{"rendered":"https:\/\/new.decoczar.pl\/index.php\/product\/stelaz-do-konsoli-krzyzak-stelaz-noga-metalowa-102\/"},"modified":"2026-04-03T13:56:26","modified_gmt":"2026-04-03T11:56:26","slug":"stelaz-do-konsoli-krzyzak-stelaz-noga-metalowa-102","status":"publish","type":"product","link":"https:\/\/new.decoczar.pl\/index.php\/product\/stelaz-do-konsoli-krzyzak-stelaz-noga-metalowa-102\/","title":{"rendered":"STELA\u017b DO KONSOLI KRZY\u017bAK \/ STELA\u017b NOGA METALOWA"},"content":{"rendered":"<p>Cechy produktu :<\/p>\n<p> \tWymiary: 90\u202f\u00d7\u202f30\u202f\u00d7\u202f60\u202fcm \u2013 idealne proporcje do wn\u0119trz salonu, przedpokoju lub biura.<br \/>\n \t\u00a0Kolor: czarny mat \u2013 ponadczasowy, uniwersalny i elegancki.<br \/>\n \tProfil stalowy: 2\u202f\u00d7\u202f2\u202fcm \u2013 mocna, stabilna konstrukcja, kt\u00f3ra pos\u0142u\u017cy na lata.<br \/>\n \tMalowanie proszkowe: efektowna, odporna na zarysowania pow\u0142oka<br \/>\n \tProfil 2&#215;2 cm<br \/>\n \tOtwory monta\u017cowe do blatu: \u0142atwy monta\u017c blatu z drewna, laminatu, \u017cywicy lub innego materia\u0142u.<br \/>\n \t&#x1f1f5;&#x1f1f1; Produkt polski na zam\u00f3wienie: wykonany z dba\u0142o\u015bci\u0105 o detale i jako\u015b\u0107 wykonania.<br \/>\n \tProdukt wykonywany na zam\u00f3wienie 21 dni roboczych<\/p>\n<p>\u00a0<\/p>\n","protected":false},"excerpt":{"rendered":"<p>Cechy produktu :<\/p>\n<p> \tWymiary: 90\u202f\u00d7\u202f30\u202f\u00d7\u202f60\u202fcm \u2013 idealne proporcje do wn\u0119trz salonu, przedpokoju lub biura.<br \/>\n \t\u00a0Kolor: czarny mat \u2013 ponadczasowy, uniwersalny i elegancki.<br \/>\n \tProfil stalowy: 2\u202f\u00d7\u202f2\u202fcm \u2013 mocna, stabilna konstrukcja, kt\u00f3ra pos\u0142u\u017cy na lata.<br \/>\n \tMalowanie proszkowe: efektowna, odporna na zarysowania pow\u0142oka<br \/>\n \tProfil 2&#215;2 cm<br \/>\n \tOtwory monta\u017cowe do blatu: \u0142atwy monta\u017c blatu z drewna, laminatu, \u017cywicy lub innego materia\u0142u.<br \/>\n \t&#x1f1f5;&#x1f1f1; Produkt polski na zam\u00f3wienie: wykonany z dba\u0142o\u015bci\u0105 o detale i jako\u015b\u0107 wykonania.<br \/>\n \tProdukt wykonywany na zam\u00f3wienie 21 dni roboczych<\/p>\n<p>\u00a0<\/p>\n","protected":false},"featured_media":2725,"comment_status":"open","ping_status":"closed","template":"","meta":[],"etheme_brands":[],"product_cat":[50],"product_tag":[],"class_list":["post-38178","product","type-product","status-publish","has-post-thumbnail","hentry","product_cat-podstawy-metalowe-stelaze-stojaki"],"_links":{"self":[{"href":"https:\/\/new.decoczar.pl\/index.php\/wp-json\/wp\/v2\/product\/38178","targetHints":{"allow":["GET"]}}],"collection":[{"href":"https:\/\/new.decoczar.pl\/index.php\/wp-json\/wp\/v2\/product"}],"about":[{"href":"https:\/\/new.decoczar.pl\/index.php\/wp-json\/wp\/v2\/types\/product"}],"replies":[{"embeddable":true,"href":"https:\/\/new.decoczar.pl\/index.php\/wp-json\/wp\/v2\/comments?post=38178"}],"wp:featuredmedia":[{"embeddable":true,"href":"https:\/\/new.decoczar.pl\/index.php\/wp-json\/wp\/v2\/media\/2725"}],"wp:attachment":[{"href":"https:\/\/new.decoczar.pl\/index.php\/wp-json\/wp\/v2\/media?parent=38178"}],"wp:term":[{"taxonomy":"brand","embeddable":true,"href":"https:\/\/new.decoczar.pl\/index.php\/wp-json\/wp\/v2\/etheme_brands?post=38178"},{"taxonomy":"product_cat","embeddable":true,"href":"https:\/\/new.decoczar.pl\/index.php\/wp-json\/wp\/v2\/product_cat?post=38178"},{"taxonomy":"product_tag","embeddable":true,"href":"https:\/\/new.decoczar.pl\/index.php\/wp-json\/wp\/v2\/product_tag?post=38178"}],"curies":[{"name":"wp","href":"https:\/\/api.w.org\/{rel}","templated":true}]}}