{"id":3982,"date":"2023-03-22T04:12:38","date_gmt":"2023-03-22T03:12:38","guid":{"rendered":"http:\/\/new.decoczar.pl\/index.php\/product\/serce-z-grawerem-z-dedykajca\/"},"modified":"2023-03-22T04:12:38","modified_gmt":"2023-03-22T03:12:38","slug":"serce-z-grawerem-z-dedykajca","status":"publish","type":"product","link":"https:\/\/new.decoczar.pl\/index.php\/product\/serce-z-grawerem-z-dedykajca\/","title":{"rendered":"Serce z grawerem z dedykajc\u0105"},"content":{"rendered":"<p>Serce z grawerem z w\u0142asn\u0105 dedykacj\u0105 <\/p>\n<p> \tWymiary 20\u00d720 cm\u00a0<br \/>\n \tWykonane ze sklejki brzozowej 3 mm\u00a0<br \/>\n \t\u017byczenia mo\u017cemy dowolnie modyfikowa\u0107<br \/>\n \tW uwagach dla klienta b\u0105d\u017a w na maila sklep@decoczar.pl prosz\u0119 wpisa\u0107 modyfikacj\u0119 tekstu<\/p>\n<p>WYSY\u0141KA TYLKO KURIER !!!<\/p>\n","protected":false},"excerpt":{"rendered":"<p>Serce z grawerem z w\u0142asn\u0105 dedykacj\u0105 <\/p>\n<p> \tWymiary 20\u00d720 cm\u00a0<br \/>\n \tWykonane ze sklejki brzozowej 3 mm\u00a0<br \/>\n \t\u017byczenia mo\u017cemy dowolnie modyfikowa\u0107<br \/>\n \tW uwagach dla klienta b\u0105d\u017a w na maila sklep@decoczar.pl prosz\u0119 wpisa\u0107 modyfikacj\u0119 tekstu<\/p>\n<p>WYSY\u0141KA TYLKO KURIER !!!<\/p>\n","protected":false},"featured_media":3981,"comment_status":"open","ping_status":"closed","template":"","meta":[],"etheme_brands":[],"product_cat":[77],"product_tag":[],"class_list":["post-3982","product","type-product","status-publish","has-post-thumbnail","hentry","product_cat-dzien-nauczyciela-zakonczenie-roku"],"_links":{"self":[{"href":"https:\/\/new.decoczar.pl\/index.php\/wp-json\/wp\/v2\/product\/3982","targetHints":{"allow":["GET"]}}],"collection":[{"href":"https:\/\/new.decoczar.pl\/index.php\/wp-json\/wp\/v2\/product"}],"about":[{"href":"https:\/\/new.decoczar.pl\/index.php\/wp-json\/wp\/v2\/types\/product"}],"replies":[{"embeddable":true,"href":"https:\/\/new.decoczar.pl\/index.php\/wp-json\/wp\/v2\/comments?post=3982"}],"wp:featuredmedia":[{"embeddable":true,"href":"https:\/\/new.decoczar.pl\/index.php\/wp-json\/wp\/v2\/media\/3981"}],"wp:attachment":[{"href":"https:\/\/new.decoczar.pl\/index.php\/wp-json\/wp\/v2\/media?parent=3982"}],"wp:term":[{"taxonomy":"brand","embeddable":true,"href":"https:\/\/new.decoczar.pl\/index.php\/wp-json\/wp\/v2\/etheme_brands?post=3982"},{"taxonomy":"product_cat","embeddable":true,"href":"https:\/\/new.decoczar.pl\/index.php\/wp-json\/wp\/v2\/product_cat?post=3982"},{"taxonomy":"product_tag","embeddable":true,"href":"https:\/\/new.decoczar.pl\/index.php\/wp-json\/wp\/v2\/product_tag?post=3982"}],"curies":[{"name":"wp","href":"https:\/\/api.w.org\/{rel}","templated":true}]}}