{"id":4155,"date":"2023-04-08T16:40:17","date_gmt":"2023-04-08T14:40:17","guid":{"rendered":"https:\/\/new.decoczar.pl\/index.php\/product\/zaproszenie-drewniane-slub-2\/"},"modified":"2023-04-08T16:40:17","modified_gmt":"2023-04-08T14:40:17","slug":"zaproszenie-drewniane-slub-2","status":"publish","type":"product","link":"https:\/\/new.decoczar.pl\/index.php\/product\/zaproszenie-drewniane-slub-2\/","title":{"rendered":"Zaproszenie Drewniane \u015alub"},"content":{"rendered":"<p>ZAPROSZENIE NA \u015aLUB<\/p>\n<p>Drewniane zaproszenie jako alternatywa dla tradycji i powszechno\u015bci.<br \/>\nCo\u015b innego, \u015bwie\u017cego od czasu do czasu warto wprowadzi\u0107 w \u017cycie.<\/p>\n<p>Mo\u017cesz wys\u0142a\u0107 je wszystkim go\u015bciom b\u0105d\u017a wyr\u00f3\u017cni\u0107 nimi niekt\u00f3rych go\u015bci np. dziadk\u00f3w, rodzic\u00f3w, chrzestnych, \u015bwiadk\u00f3w,<\/p>\n<p>Mo\u017cliwy indywidualny projekt za zdj\u0119ciem ( zaproszenie dwustronne )<\/p>\n<p>\u00a0<\/p>\n","protected":false},"excerpt":{"rendered":"<p>ZAPROSZENIE NA \u015aLUB<\/p>\n<p>Drewniane zaproszenie jako alternatywa dla tradycji i powszechno\u015bci.<br \/>\nCo\u015b innego, \u015bwie\u017cego od czasu do czasu warto wprowadzi\u0107 w \u017cycie.<\/p>\n<p>Mo\u017cesz wys\u0142a\u0107 je wszystkim go\u015bciom b\u0105d\u017a wyr\u00f3\u017cni\u0107 nimi niekt\u00f3rych go\u015bci np. dziadk\u00f3w, rodzic\u00f3w, chrzestnych, \u015bwiadk\u00f3w,<\/p>\n<p>Mo\u017cliwy indywidualny projekt za zdj\u0119ciem ( zaproszenie dwustronne )<\/p>\n<p>\u00a0<\/p>\n","protected":false},"featured_media":4154,"comment_status":"open","ping_status":"closed","template":"","meta":[],"etheme_brands":[],"product_cat":[78],"product_tag":[],"class_list":["post-4155","product","type-product","status-publish","has-post-thumbnail","hentry","product_cat-slub-dekoracje"],"_links":{"self":[{"href":"https:\/\/new.decoczar.pl\/index.php\/wp-json\/wp\/v2\/product\/4155","targetHints":{"allow":["GET"]}}],"collection":[{"href":"https:\/\/new.decoczar.pl\/index.php\/wp-json\/wp\/v2\/product"}],"about":[{"href":"https:\/\/new.decoczar.pl\/index.php\/wp-json\/wp\/v2\/types\/product"}],"replies":[{"embeddable":true,"href":"https:\/\/new.decoczar.pl\/index.php\/wp-json\/wp\/v2\/comments?post=4155"}],"wp:featuredmedia":[{"embeddable":true,"href":"https:\/\/new.decoczar.pl\/index.php\/wp-json\/wp\/v2\/media\/4154"}],"wp:attachment":[{"href":"https:\/\/new.decoczar.pl\/index.php\/wp-json\/wp\/v2\/media?parent=4155"}],"wp:term":[{"taxonomy":"brand","embeddable":true,"href":"https:\/\/new.decoczar.pl\/index.php\/wp-json\/wp\/v2\/etheme_brands?post=4155"},{"taxonomy":"product_cat","embeddable":true,"href":"https:\/\/new.decoczar.pl\/index.php\/wp-json\/wp\/v2\/product_cat?post=4155"},{"taxonomy":"product_tag","embeddable":true,"href":"https:\/\/new.decoczar.pl\/index.php\/wp-json\/wp\/v2\/product_tag?post=4155"}],"curies":[{"name":"wp","href":"https:\/\/api.w.org\/{rel}","templated":true}]}}