{"id":4223,"date":"2023-04-14T22:10:19","date_gmt":"2023-04-14T20:10:19","guid":{"rendered":"https:\/\/new.decoczar.pl\/index.php\/product\/pamiatka-skrzydelka\/"},"modified":"2023-04-14T22:10:19","modified_gmt":"2023-04-14T20:10:19","slug":"pamiatka-skrzydelka","status":"publish","type":"product","link":"https:\/\/new.decoczar.pl\/index.php\/product\/pamiatka-skrzydelka\/","title":{"rendered":"Pami\u0105tka Skrzyde\u0142ka"},"content":{"rendered":"<p>Pami\u0105tka skrzyde\u0142ka drewniane to dodatek do prezentu.<\/p>\n<p>Mo\u017cliwo\u015b\u0107 do\u0142\u0105czenia sznureczk\u00f3w &#8211; do powieszenia w pokoju dziecka<\/p>\n<p>Spersonalizowany Prezent z okazji Chrztu \u015awi\u0119tego<\/p>\n","protected":false},"excerpt":{"rendered":"<p>Pami\u0105tka skrzyde\u0142ka drewniane to dodatek do prezentu.<\/p>\n<p>Mo\u017cliwo\u015b\u0107 do\u0142\u0105czenia sznureczk\u00f3w &#8211; do powieszenia w pokoju dziecka<\/p>\n<p>Spersonalizowany Prezent z okazji Chrztu \u015awi\u0119tego<\/p>\n","protected":false},"featured_media":4222,"comment_status":"open","ping_status":"closed","template":"","meta":[],"etheme_brands":[],"product_cat":[83],"product_tag":[],"class_list":["post-4223","product","type-product","status-publish","has-post-thumbnail","hentry","product_cat-chrzest-swiety"],"_links":{"self":[{"href":"https:\/\/new.decoczar.pl\/index.php\/wp-json\/wp\/v2\/product\/4223","targetHints":{"allow":["GET"]}}],"collection":[{"href":"https:\/\/new.decoczar.pl\/index.php\/wp-json\/wp\/v2\/product"}],"about":[{"href":"https:\/\/new.decoczar.pl\/index.php\/wp-json\/wp\/v2\/types\/product"}],"replies":[{"embeddable":true,"href":"https:\/\/new.decoczar.pl\/index.php\/wp-json\/wp\/v2\/comments?post=4223"}],"wp:featuredmedia":[{"embeddable":true,"href":"https:\/\/new.decoczar.pl\/index.php\/wp-json\/wp\/v2\/media\/4222"}],"wp:attachment":[{"href":"https:\/\/new.decoczar.pl\/index.php\/wp-json\/wp\/v2\/media?parent=4223"}],"wp:term":[{"taxonomy":"brand","embeddable":true,"href":"https:\/\/new.decoczar.pl\/index.php\/wp-json\/wp\/v2\/etheme_brands?post=4223"},{"taxonomy":"product_cat","embeddable":true,"href":"https:\/\/new.decoczar.pl\/index.php\/wp-json\/wp\/v2\/product_cat?post=4223"},{"taxonomy":"product_tag","embeddable":true,"href":"https:\/\/new.decoczar.pl\/index.php\/wp-json\/wp\/v2\/product_tag?post=4223"}],"curies":[{"name":"wp","href":"https:\/\/api.w.org\/{rel}","templated":true}]}}