{"id":4363,"date":"2023-04-23T11:55:32","date_gmt":"2023-04-23T09:55:32","guid":{"rendered":"https:\/\/new.decoczar.pl\/index.php\/product\/tabliczki-drewniane-dla-dziadkow-2\/"},"modified":"2023-04-23T11:55:32","modified_gmt":"2023-04-23T09:55:32","slug":"tabliczki-drewniane-dla-dziadkow-2","status":"publish","type":"product","link":"https:\/\/new.decoczar.pl\/index.php\/product\/tabliczki-drewniane-dla-dziadkow-2\/","title":{"rendered":"Tabliczki Drewniane dla Dziadk\u00f3w"},"content":{"rendered":"<p>Zestaw tabliczek wisz\u0105cych Dla Babci \/ Dla Dziadka z imieniem i klamerkami.<br \/>\nPi\u0119kne drewniane tabliczki z napisem Kochanej Babci \/ Kochanym Dziadkom \/ Kochanemu Dziadkowi \/ Kochanej Babci i Kochanemu Dziadkowi oraz \u200bimieniem, po dodaniu zdj\u0119cia b\u0119d\u0105 stanowi\u0107 oryginalny prezent dla Babci i Dziadka.<br \/>\nGrawer mo\u017cemy dowolnie modyfikowa\u0107 Kochanej Cioci, Kochanemu Wujkowi, Zawsze w sercu itp &#8230;<\/p>\n","protected":false},"excerpt":{"rendered":"<p>Zestaw tabliczek wisz\u0105cych Dla Babci \/ Dla Dziadka z imieniem i klamerkami.<br \/>\nPi\u0119kne drewniane tabliczki z napisem Kochanej Babci \/ Kochanym Dziadkom \/ Kochanemu Dziadkowi \/ Kochanej Babci i Kochanemu Dziadkowi oraz \u200bimieniem, po dodaniu zdj\u0119cia b\u0119d\u0105 stanowi\u0107 oryginalny prezent dla Babci i Dziadka.<br \/>\nGrawer mo\u017cemy dowolnie modyfikowa\u0107 Kochanej Cioci, Kochanemu Wujkowi, Zawsze w sercu itp &#8230;<\/p>\n","protected":false},"featured_media":4362,"comment_status":"open","ping_status":"closed","template":"","meta":[],"etheme_brands":[],"product_cat":[120],"product_tag":[],"class_list":["post-4363","product","type-product","status-publish","has-post-thumbnail","hentry","product_cat-akcesoria-dekoracyjne"],"_links":{"self":[{"href":"https:\/\/new.decoczar.pl\/index.php\/wp-json\/wp\/v2\/product\/4363","targetHints":{"allow":["GET"]}}],"collection":[{"href":"https:\/\/new.decoczar.pl\/index.php\/wp-json\/wp\/v2\/product"}],"about":[{"href":"https:\/\/new.decoczar.pl\/index.php\/wp-json\/wp\/v2\/types\/product"}],"replies":[{"embeddable":true,"href":"https:\/\/new.decoczar.pl\/index.php\/wp-json\/wp\/v2\/comments?post=4363"}],"wp:featuredmedia":[{"embeddable":true,"href":"https:\/\/new.decoczar.pl\/index.php\/wp-json\/wp\/v2\/media\/4362"}],"wp:attachment":[{"href":"https:\/\/new.decoczar.pl\/index.php\/wp-json\/wp\/v2\/media?parent=4363"}],"wp:term":[{"taxonomy":"brand","embeddable":true,"href":"https:\/\/new.decoczar.pl\/index.php\/wp-json\/wp\/v2\/etheme_brands?post=4363"},{"taxonomy":"product_cat","embeddable":true,"href":"https:\/\/new.decoczar.pl\/index.php\/wp-json\/wp\/v2\/product_cat?post=4363"},{"taxonomy":"product_tag","embeddable":true,"href":"https:\/\/new.decoczar.pl\/index.php\/wp-json\/wp\/v2\/product_tag?post=4363"}],"curies":[{"name":"wp","href":"https:\/\/api.w.org\/{rel}","templated":true}]}}