{"id":4632,"date":"2023-05-12T21:08:02","date_gmt":"2023-05-12T19:08:02","guid":{"rendered":"http:\/\/new.decoczar.pl\/index.php\/product\/misa-drewniana-z-zywicy-duza-czarna\/"},"modified":"2023-05-12T21:08:02","modified_gmt":"2023-05-12T19:08:02","slug":"misa-drewniana-z-zywicy-duza-czarna","status":"publish","type":"product","link":"https:\/\/new.decoczar.pl\/index.php\/product\/misa-drewniana-z-zywicy-duza-czarna\/","title":{"rendered":"Misa drewniana z \u017cywicy du\u017ca CZARNA"},"content":{"rendered":"<p>Cechy produktu:<\/p>\n<p> \t\u015arednica: 30 cm na zewn\u0105trz &#8211; wewn\u0105trz 21 cm<br \/>\n \tWysoko\u015b\u0107 ok 8 cm<br \/>\n \tMateria\u0142 : drzewo tekowe (egzotyczne )<br \/>\n \t\u017bywica : czarna<br \/>\n \tDost\u0119pna 1 sztuka<br \/>\n \tZabezpieczona wysokiej jako\u015bci olejem z atestem do kontaktu z \u017cywno\u015bci\u0105<\/p>\n","protected":false},"excerpt":{"rendered":"<p>Cechy produktu:<\/p>\n<p> \t\u015arednica: 30 cm na zewn\u0105trz &#8211; wewn\u0105trz 21 cm<br \/>\n \tWysoko\u015b\u0107 ok 8 cm<br \/>\n \tMateria\u0142 : drzewo tekowe (egzotyczne )<br \/>\n \t\u017bywica : czarna<br \/>\n \tDost\u0119pna 1 sztuka<br \/>\n \tZabezpieczona wysokiej jako\u015bci olejem z atestem do kontaktu z \u017cywno\u015bci\u0105<\/p>\n","protected":false},"featured_media":4631,"comment_status":"open","ping_status":"closed","template":"","meta":[],"etheme_brands":[],"product_cat":[191],"product_tag":[],"class_list":["post-4632","product","type-product","status-publish","has-post-thumbnail","hentry","product_cat-dostepne-od-reki-produkty-z-zywicy"],"_links":{"self":[{"href":"https:\/\/new.decoczar.pl\/index.php\/wp-json\/wp\/v2\/product\/4632","targetHints":{"allow":["GET"]}}],"collection":[{"href":"https:\/\/new.decoczar.pl\/index.php\/wp-json\/wp\/v2\/product"}],"about":[{"href":"https:\/\/new.decoczar.pl\/index.php\/wp-json\/wp\/v2\/types\/product"}],"replies":[{"embeddable":true,"href":"https:\/\/new.decoczar.pl\/index.php\/wp-json\/wp\/v2\/comments?post=4632"}],"wp:featuredmedia":[{"embeddable":true,"href":"https:\/\/new.decoczar.pl\/index.php\/wp-json\/wp\/v2\/media\/4631"}],"wp:attachment":[{"href":"https:\/\/new.decoczar.pl\/index.php\/wp-json\/wp\/v2\/media?parent=4632"}],"wp:term":[{"taxonomy":"brand","embeddable":true,"href":"https:\/\/new.decoczar.pl\/index.php\/wp-json\/wp\/v2\/etheme_brands?post=4632"},{"taxonomy":"product_cat","embeddable":true,"href":"https:\/\/new.decoczar.pl\/index.php\/wp-json\/wp\/v2\/product_cat?post=4632"},{"taxonomy":"product_tag","embeddable":true,"href":"https:\/\/new.decoczar.pl\/index.php\/wp-json\/wp\/v2\/product_tag?post=4632"}],"curies":[{"name":"wp","href":"https:\/\/api.w.org\/{rel}","templated":true}]}}