{"id":4676,"date":"2023-05-12T21:11:31","date_gmt":"2023-05-12T19:11:31","guid":{"rendered":"http:\/\/new.decoczar.pl\/index.php\/product\/wieszak-na-sciane-morski-3-rodz\/"},"modified":"2023-05-12T21:11:31","modified_gmt":"2023-05-12T19:11:31","slug":"wieszak-na-sciane-morski-3-rodz","status":"publish","type":"product","link":"https:\/\/new.decoczar.pl\/index.php\/product\/wieszak-na-sciane-morski-3-rodz\/","title":{"rendered":"Wieszak na \u015bcian\u0119 MORSKI 3 rodz"},"content":{"rendered":"<p>Cechy produktu :<\/p>\n<p> \tWymiary ok 25 cm<br \/>\n \tMateria\u0142 : plaster orzecha w\u0142oskiego, \u017cywica<br \/>\n \tDOST\u0118PNY WZ\u00d3R DELFINY, RYBKI<br \/>\n \tDo\u0142\u0105czone s\u0105 3 haki z\u0142ote<br \/>\n \tHaczyk z ty\u0142u do zawieszenia<br \/>\n \tWieszak od podstaw zosta\u0142 wykonany r\u0119cznie 100 % handmade<br \/>\n \tZosta\u0142 zabezpieczony olejem z utwardzaczem<br \/>\n \tProdukt Polski<br \/>\n \tDost\u0119pne 3 rodzaje ( delfiny, ryby \u017c\u00f3\u0142wie )<br \/>\n \tZamawiaj\u0105c kilka produkt\u00f3w czas realizacji jest d\u0142u\u017cszy do 14 dni roboczych<\/p>\n","protected":false},"excerpt":{"rendered":"<p>Cechy produktu :<\/p>\n<p> \tWymiary ok 25 cm<br \/>\n \tMateria\u0142 : plaster orzecha w\u0142oskiego, \u017cywica<br \/>\n \tDOST\u0118PNY WZ\u00d3R DELFINY, RYBKI<br \/>\n \tDo\u0142\u0105czone s\u0105 3 haki z\u0142ote<br \/>\n \tHaczyk z ty\u0142u do zawieszenia<br \/>\n \tWieszak od podstaw zosta\u0142 wykonany r\u0119cznie 100 % handmade<br \/>\n \tZosta\u0142 zabezpieczony olejem z utwardzaczem<br \/>\n \tProdukt Polski<br \/>\n \tDost\u0119pne 3 rodzaje ( delfiny, ryby \u017c\u00f3\u0142wie )<br \/>\n \tZamawiaj\u0105c kilka produkt\u00f3w czas realizacji jest d\u0142u\u017cszy do 14 dni roboczych<\/p>\n","protected":false},"featured_media":4675,"comment_status":"open","ping_status":"closed","template":"","meta":[],"etheme_brands":[],"product_cat":[200],"product_tag":[],"class_list":["post-4676","product","type-product","status-publish","has-post-thumbnail","hentry","product_cat-dostepne-od-reki-produkty-z-zywicy-promocja"],"_links":{"self":[{"href":"https:\/\/new.decoczar.pl\/index.php\/wp-json\/wp\/v2\/product\/4676","targetHints":{"allow":["GET"]}}],"collection":[{"href":"https:\/\/new.decoczar.pl\/index.php\/wp-json\/wp\/v2\/product"}],"about":[{"href":"https:\/\/new.decoczar.pl\/index.php\/wp-json\/wp\/v2\/types\/product"}],"replies":[{"embeddable":true,"href":"https:\/\/new.decoczar.pl\/index.php\/wp-json\/wp\/v2\/comments?post=4676"}],"wp:featuredmedia":[{"embeddable":true,"href":"https:\/\/new.decoczar.pl\/index.php\/wp-json\/wp\/v2\/media\/4675"}],"wp:attachment":[{"href":"https:\/\/new.decoczar.pl\/index.php\/wp-json\/wp\/v2\/media?parent=4676"}],"wp:term":[{"taxonomy":"brand","embeddable":true,"href":"https:\/\/new.decoczar.pl\/index.php\/wp-json\/wp\/v2\/etheme_brands?post=4676"},{"taxonomy":"product_cat","embeddable":true,"href":"https:\/\/new.decoczar.pl\/index.php\/wp-json\/wp\/v2\/product_cat?post=4676"},{"taxonomy":"product_tag","embeddable":true,"href":"https:\/\/new.decoczar.pl\/index.php\/wp-json\/wp\/v2\/product_tag?post=4676"}],"curies":[{"name":"wp","href":"https:\/\/api.w.org\/{rel}","templated":true}]}}