{"id":4692,"date":"2023-05-12T21:12:27","date_gmt":"2023-05-12T19:12:27","guid":{"rendered":"http:\/\/new.decoczar.pl\/index.php\/product\/nowoczesny-stoliki-loft-2\/"},"modified":"2023-05-12T21:12:27","modified_gmt":"2023-05-12T19:12:27","slug":"nowoczesny-stoliki-loft-2","status":"publish","type":"product","link":"https:\/\/new.decoczar.pl\/index.php\/product\/nowoczesny-stoliki-loft-2\/","title":{"rendered":"NOWOCZESNY STOLIKI LOFT"},"content":{"rendered":"<p>Cechy produktu<\/p>\n<p> \tWymiary: d\u0142ugo\u015b\u0107\/wysoko\u015b\u0107\u00a0 60 cm<br \/>\n \tSzeroko\u015b\u0107 30&#215;30<br \/>\n \tMateria\u0142 : blacha &#8211; orzech w\u0142oski<br \/>\n \tMalowany proszkowo<br \/>\n \tCzas realizacji 4-6 tygodni po zaksi\u0119gowaniu wp\u0142aty<br \/>\n \tKolor: czarny<br \/>\n \tWysy\u0142ka 60 z\u0142<br \/>\n \tDrewno pokryte jest olejem zabezpieczaj\u0105cym z utwardzaczem<\/p>\n","protected":false},"excerpt":{"rendered":"<p>Cechy produktu<\/p>\n<p> \tWymiary: d\u0142ugo\u015b\u0107\/wysoko\u015b\u0107\u00a0 60 cm<br \/>\n \tSzeroko\u015b\u0107 30&#215;30<br \/>\n \tMateria\u0142 : blacha &#8211; orzech w\u0142oski<br \/>\n \tMalowany proszkowo<br \/>\n \tCzas realizacji 4-6 tygodni po zaksi\u0119gowaniu wp\u0142aty<br \/>\n \tKolor: czarny<br \/>\n \tWysy\u0142ka 60 z\u0142<br \/>\n \tDrewno pokryte jest olejem zabezpieczaj\u0105cym z utwardzaczem<\/p>\n","protected":false},"featured_media":2127,"comment_status":"open","ping_status":"closed","template":"","meta":[],"etheme_brands":[],"product_cat":[56],"product_tag":[],"class_list":["post-4692","product","type-product","status-publish","has-post-thumbnail","hentry","product_cat-stoliki-drewniane"],"_links":{"self":[{"href":"https:\/\/new.decoczar.pl\/index.php\/wp-json\/wp\/v2\/product\/4692","targetHints":{"allow":["GET"]}}],"collection":[{"href":"https:\/\/new.decoczar.pl\/index.php\/wp-json\/wp\/v2\/product"}],"about":[{"href":"https:\/\/new.decoczar.pl\/index.php\/wp-json\/wp\/v2\/types\/product"}],"replies":[{"embeddable":true,"href":"https:\/\/new.decoczar.pl\/index.php\/wp-json\/wp\/v2\/comments?post=4692"}],"wp:featuredmedia":[{"embeddable":true,"href":"https:\/\/new.decoczar.pl\/index.php\/wp-json\/wp\/v2\/media\/2127"}],"wp:attachment":[{"href":"https:\/\/new.decoczar.pl\/index.php\/wp-json\/wp\/v2\/media?parent=4692"}],"wp:term":[{"taxonomy":"brand","embeddable":true,"href":"https:\/\/new.decoczar.pl\/index.php\/wp-json\/wp\/v2\/etheme_brands?post=4692"},{"taxonomy":"product_cat","embeddable":true,"href":"https:\/\/new.decoczar.pl\/index.php\/wp-json\/wp\/v2\/product_cat?post=4692"},{"taxonomy":"product_tag","embeddable":true,"href":"https:\/\/new.decoczar.pl\/index.php\/wp-json\/wp\/v2\/product_tag?post=4692"}],"curies":[{"name":"wp","href":"https:\/\/api.w.org\/{rel}","templated":true}]}}