{"id":4772,"date":"2023-05-13T05:36:39","date_gmt":"2023-05-13T03:36:39","guid":{"rendered":"http:\/\/new.decoczar.pl\/index.php\/product\/komplet-z-zywicy-bialo-zlote-4-szt-podstawka-2\/"},"modified":"2023-05-13T05:36:39","modified_gmt":"2023-05-13T03:36:39","slug":"komplet-z-zywicy-bialo-zlote-4-szt-podstawka-2","status":"publish","type":"product","link":"https:\/\/new.decoczar.pl\/index.php\/product\/komplet-z-zywicy-bialo-zlote-4-szt-podstawka-2\/","title":{"rendered":"Komplet z \u017cywicy bia\u0142o z\u0142ote 4 szt + podstawka"},"content":{"rendered":"<p>Podk\u0142adki\u00a0 dekoracyjne<\/p>\n<p> \tWymiary ok 8-10 cm \u015brednica<br \/>\n \tKolorystyka : bia\u0142y oraz z\u0142ota folia<br \/>\n \tCzas realizacji 10\u00a0 dni roboczych po zaksi\u0119gowaniu wp\u0142aty<br \/>\n \tWykonujemy r\u00f3wnie\u017c indywidualne zam\u00f3wienia kolorystyczne klienta<br \/>\n \tWysy\u0142ka kurier \/ kurier pobranie<br \/>\n \tPraca z \u017cywic\u0105 zale\u017cna jest r\u00f3wnie\u017c od pogody ( latem oraz zim\u0105 czas mo\u017ce by\u0107 d\u0142u\u017cszy )<br \/>\n \tDo zestawu mo\u017cna zam\u00f3wi\u0107 tac\u0119<br \/>\n \tZAMAWI\u0104JAC KILKA PRODUKT\u00d3W CZAS REALZIACJI JEST D\u0141U\u017bSZY DO 14 DNI ROBOCZYCH\u00a0<\/p>\n","protected":false},"excerpt":{"rendered":"<p>Podk\u0142adki\u00a0 dekoracyjne<\/p>\n<p> \tWymiary ok 8-10 cm \u015brednica<br \/>\n \tKolorystyka : bia\u0142y oraz z\u0142ota folia<br \/>\n \tCzas realizacji 10\u00a0 dni roboczych po zaksi\u0119gowaniu wp\u0142aty<br \/>\n \tWykonujemy r\u00f3wnie\u017c indywidualne zam\u00f3wienia kolorystyczne klienta<br \/>\n \tWysy\u0142ka kurier \/ kurier pobranie<br \/>\n \tPraca z \u017cywic\u0105 zale\u017cna jest r\u00f3wnie\u017c od pogody ( latem oraz zim\u0105 czas mo\u017ce by\u0107 d\u0142u\u017cszy )<br \/>\n \tDo zestawu mo\u017cna zam\u00f3wi\u0107 tac\u0119<br \/>\n \tZAMAWI\u0104JAC KILKA PRODUKT\u00d3W CZAS REALZIACJI JEST D\u0141U\u017bSZY DO 14 DNI ROBOCZYCH\u00a0<\/p>\n","protected":false},"featured_media":2329,"comment_status":"open","ping_status":"closed","template":"","meta":[],"etheme_brands":[],"product_cat":[65],"product_tag":[],"class_list":["post-4772","product","type-product","status-publish","has-post-thumbnail","hentry","product_cat-produkty-z-zywicy-promocja"],"_links":{"self":[{"href":"https:\/\/new.decoczar.pl\/index.php\/wp-json\/wp\/v2\/product\/4772","targetHints":{"allow":["GET"]}}],"collection":[{"href":"https:\/\/new.decoczar.pl\/index.php\/wp-json\/wp\/v2\/product"}],"about":[{"href":"https:\/\/new.decoczar.pl\/index.php\/wp-json\/wp\/v2\/types\/product"}],"replies":[{"embeddable":true,"href":"https:\/\/new.decoczar.pl\/index.php\/wp-json\/wp\/v2\/comments?post=4772"}],"wp:featuredmedia":[{"embeddable":true,"href":"https:\/\/new.decoczar.pl\/index.php\/wp-json\/wp\/v2\/media\/2329"}],"wp:attachment":[{"href":"https:\/\/new.decoczar.pl\/index.php\/wp-json\/wp\/v2\/media?parent=4772"}],"wp:term":[{"taxonomy":"brand","embeddable":true,"href":"https:\/\/new.decoczar.pl\/index.php\/wp-json\/wp\/v2\/etheme_brands?post=4772"},{"taxonomy":"product_cat","embeddable":true,"href":"https:\/\/new.decoczar.pl\/index.php\/wp-json\/wp\/v2\/product_cat?post=4772"},{"taxonomy":"product_tag","embeddable":true,"href":"https:\/\/new.decoczar.pl\/index.php\/wp-json\/wp\/v2\/product_tag?post=4772"}],"curies":[{"name":"wp","href":"https:\/\/api.w.org\/{rel}","templated":true}]}}