{"id":4882,"date":"2023-05-13T05:40:36","date_gmt":"2023-05-13T03:40:36","guid":{"rendered":"http:\/\/new.decoczar.pl\/index.php\/product\/zestaw-imienny-kieliszek-podkladka-szmaragdowo-zlota-2\/"},"modified":"2023-05-13T05:40:36","modified_gmt":"2023-05-13T03:40:36","slug":"zestaw-imienny-kieliszek-podkladka-szmaragdowo-zlota-2","status":"publish","type":"product","link":"https:\/\/new.decoczar.pl\/index.php\/product\/zestaw-imienny-kieliszek-podkladka-szmaragdowo-zlota-2\/","title":{"rendered":"Zestaw imienny kieliszek + podk\u0142adka szmaragdowo &#8211; z\u0142ota"},"content":{"rendered":"<p>Cechy produktu<\/p>\n<p> \tZestaw zawiera 1 podk\u0142adk\u0119 ok 12 cm<br \/>\n \tKieliszek szklany<br \/>\n \tCzas realizacji do 10 dni roboczych po zaksi\u0119gowaniu wp\u0142aty<br \/>\n \tMateria\u0142 : \u017cywica epoksydowa, szk\u0142o<br \/>\n \tW uwagach do zam\u00f3wienia prosz\u0119 wpisa\u0107 imi\u0119<br \/>\n \tZ\u0142oty napis<br \/>\n \tPodk\u0142adka i kieliszek zosta\u0142y ozdobione r\u0119cznie<br \/>\n \tZAMAWIAJ\u0104C KILKA PRODUKT\u00d3W CZAS REALIZACJI JEST D\u0141U\u017bSZY DO 14 DNI ROBOCZYCH\u00a0<\/p>\n","protected":false},"excerpt":{"rendered":"<p>Cechy produktu<\/p>\n<p> \tZestaw zawiera 1 podk\u0142adk\u0119 ok 12 cm<br \/>\n \tKieliszek szklany<br \/>\n \tCzas realizacji do 10 dni roboczych po zaksi\u0119gowaniu wp\u0142aty<br \/>\n \tMateria\u0142 : \u017cywica epoksydowa, szk\u0142o<br \/>\n \tW uwagach do zam\u00f3wienia prosz\u0119 wpisa\u0107 imi\u0119<br \/>\n \tZ\u0142oty napis<br \/>\n \tPodk\u0142adka i kieliszek zosta\u0142y ozdobione r\u0119cznie<br \/>\n \tZAMAWIAJ\u0104C KILKA PRODUKT\u00d3W CZAS REALIZACJI JEST D\u0141U\u017bSZY DO 14 DNI ROBOCZYCH\u00a0<\/p>\n","protected":false},"featured_media":2626,"comment_status":"open","ping_status":"closed","template":"","meta":[],"etheme_brands":[],"product_cat":[48],"product_tag":[],"class_list":["post-4882","product","type-product","status-publish","has-post-thumbnail","hentry","product_cat-produkty-z-zywicy"],"_links":{"self":[{"href":"https:\/\/new.decoczar.pl\/index.php\/wp-json\/wp\/v2\/product\/4882","targetHints":{"allow":["GET"]}}],"collection":[{"href":"https:\/\/new.decoczar.pl\/index.php\/wp-json\/wp\/v2\/product"}],"about":[{"href":"https:\/\/new.decoczar.pl\/index.php\/wp-json\/wp\/v2\/types\/product"}],"replies":[{"embeddable":true,"href":"https:\/\/new.decoczar.pl\/index.php\/wp-json\/wp\/v2\/comments?post=4882"}],"wp:featuredmedia":[{"embeddable":true,"href":"https:\/\/new.decoczar.pl\/index.php\/wp-json\/wp\/v2\/media\/2626"}],"wp:attachment":[{"href":"https:\/\/new.decoczar.pl\/index.php\/wp-json\/wp\/v2\/media?parent=4882"}],"wp:term":[{"taxonomy":"brand","embeddable":true,"href":"https:\/\/new.decoczar.pl\/index.php\/wp-json\/wp\/v2\/etheme_brands?post=4882"},{"taxonomy":"product_cat","embeddable":true,"href":"https:\/\/new.decoczar.pl\/index.php\/wp-json\/wp\/v2\/product_cat?post=4882"},{"taxonomy":"product_tag","embeddable":true,"href":"https:\/\/new.decoczar.pl\/index.php\/wp-json\/wp\/v2\/product_tag?post=4882"}],"curies":[{"name":"wp","href":"https:\/\/api.w.org\/{rel}","templated":true}]}}