{"id":5554,"date":"2023-06-04T01:09:02","date_gmt":"2023-06-03T23:09:02","guid":{"rendered":"https:\/\/new.decoczar.pl\/index.php\/product\/zestaw-podkladka-z-zywicy-babcia-dziadek-filizanka-czarno-zloty-3\/"},"modified":"2023-06-04T01:09:02","modified_gmt":"2023-06-03T23:09:02","slug":"zestaw-podkladka-z-zywicy-babcia-dziadek-filizanka-czarno-zloty-3","status":"publish","type":"product","link":"https:\/\/new.decoczar.pl\/index.php\/product\/zestaw-podkladka-z-zywicy-babcia-dziadek-filizanka-czarno-zloty-3\/","title":{"rendered":"Zestaw Podk\u0142adka z \u017cywicy Babcia \/Dziadek + fili\u017canka CZARNO Z\u0141OTY"},"content":{"rendered":"<p>Podk\u0142adki<\/p>\n<p> \tWymiary : \u015brednica ok 12 cm<br \/>\n \tKolor czarny + z\u0142oty napis<br \/>\n \tOzdobne prezentowe opakowanie<br \/>\n \tCzas realizacji 10 dni roboczych po zaksi\u0119gowaniu wp\u0142aty<br \/>\n \tWysy\u0142ka kurier \/ kurier pobranie<br \/>\n \tKubek bia\u0142o z\u0142oty<br \/>\n \tW uwagach do zam\u00f3wienia prosz\u0119 wpisa\u0107 dla kogo ( dla babci \/ dziadka )<br \/>\n \tPraca \u017cywic\u0105 jest uzale\u017cniona od pogody ( w lato czas\u00a0 realizacji mo\u017ce by\u0107 d\u0142u\u017cszy )<br \/>\n \tZAMAWI\u0104JAC KILKA PRODUKT\u00d3W CZAS REALZIACJI JEST D\u0141U\u017bSZY DO 14 DNI ROBOCZYCH\u00a0<\/p>\n","protected":false},"excerpt":{"rendered":"<p>Podk\u0142adki<\/p>\n<p> \tWymiary : \u015brednica ok 12 cm<br \/>\n \tKolor czarny + z\u0142oty napis<br \/>\n \tOzdobne prezentowe opakowanie<br \/>\n \tCzas realizacji 10 dni roboczych po zaksi\u0119gowaniu wp\u0142aty<br \/>\n \tWysy\u0142ka kurier \/ kurier pobranie<br \/>\n \tKubek bia\u0142o z\u0142oty<br \/>\n \tW uwagach do zam\u00f3wienia prosz\u0119 wpisa\u0107 dla kogo ( dla babci \/ dziadka )<br \/>\n \tPraca \u017cywic\u0105 jest uzale\u017cniona od pogody ( w lato czas\u00a0 realizacji mo\u017ce by\u0107 d\u0142u\u017cszy )<br \/>\n \tZAMAWI\u0104JAC KILKA PRODUKT\u00d3W CZAS REALZIACJI JEST D\u0141U\u017bSZY DO 14 DNI ROBOCZYCH\u00a0<\/p>\n","protected":false},"featured_media":2257,"comment_status":"open","ping_status":"closed","template":"","meta":[],"etheme_brands":[],"product_cat":[71],"product_tag":[],"class_list":["post-5554","product","type-product","status-publish","has-post-thumbnail","hentry","product_cat-dzien-babci-i-dziadka-produkty-z-zywicy"],"_links":{"self":[{"href":"https:\/\/new.decoczar.pl\/index.php\/wp-json\/wp\/v2\/product\/5554","targetHints":{"allow":["GET"]}}],"collection":[{"href":"https:\/\/new.decoczar.pl\/index.php\/wp-json\/wp\/v2\/product"}],"about":[{"href":"https:\/\/new.decoczar.pl\/index.php\/wp-json\/wp\/v2\/types\/product"}],"replies":[{"embeddable":true,"href":"https:\/\/new.decoczar.pl\/index.php\/wp-json\/wp\/v2\/comments?post=5554"}],"wp:featuredmedia":[{"embeddable":true,"href":"https:\/\/new.decoczar.pl\/index.php\/wp-json\/wp\/v2\/media\/2257"}],"wp:attachment":[{"href":"https:\/\/new.decoczar.pl\/index.php\/wp-json\/wp\/v2\/media?parent=5554"}],"wp:term":[{"taxonomy":"brand","embeddable":true,"href":"https:\/\/new.decoczar.pl\/index.php\/wp-json\/wp\/v2\/etheme_brands?post=5554"},{"taxonomy":"product_cat","embeddable":true,"href":"https:\/\/new.decoczar.pl\/index.php\/wp-json\/wp\/v2\/product_cat?post=5554"},{"taxonomy":"product_tag","embeddable":true,"href":"https:\/\/new.decoczar.pl\/index.php\/wp-json\/wp\/v2\/product_tag?post=5554"}],"curies":[{"name":"wp","href":"https:\/\/api.w.org\/{rel}","templated":true}]}}