{"id":5696,"date":"2023-06-04T20:53:36","date_gmt":"2023-06-04T18:53:36","guid":{"rendered":"http:\/\/new.decoczar.pl\/index.php\/product\/krazek-podziekowania-dla-gosci-rustykalne-3\/"},"modified":"2023-06-04T20:53:36","modified_gmt":"2023-06-04T18:53:36","slug":"krazek-podziekowania-dla-gosci-rustykalne-3","status":"publish","type":"product","link":"https:\/\/new.decoczar.pl\/index.php\/product\/krazek-podziekowania-dla-gosci-rustykalne-3\/","title":{"rendered":"KR\u0104\u017bEK PODZI\u0118KOWANIA DLA GO\u015aCI &#8211; RUSTYKALNE"},"content":{"rendered":"<p>RUSTYKALNY KR\u0104ZEK \u015aLUBNY JAKO PREZENT DLA GO\u015aCI WESELNYCH<br \/>\nSzukasz oryginalnego prezentu dla go\u015bci od pa\u0144stwa m\u0142odych?Chcesz wr\u0119czy\u0107 co\u015b co pasuje do ka\u017cdego pomieszczenia i wywo\u0142a u\u015bmiech u obdarowanego.<\/p>\n<p>Mamy dla Ciebie co\u015b wyj\u0105tkowego.<\/p>\n<p>Prezentujemy wyj\u0105tkowe, rustykalne magnesy \u015blubne z wygrawerowanymi laserowo imionami Pary M\u0142odej i dat\u0105 uroczysto\u015bci.Doskonale podkre\u015blaj\u0105ce naturalne pi\u0119kno drewna, idealny je\u015bli planujesz wesele w stylu rustykalnym.<\/p>\n<p>\u00a0<\/p>\n","protected":false},"excerpt":{"rendered":"<p>RUSTYKALNY KR\u0104ZEK \u015aLUBNY JAKO PREZENT DLA GO\u015aCI WESELNYCH<br \/>\nSzukasz oryginalnego prezentu dla go\u015bci od pa\u0144stwa m\u0142odych?Chcesz wr\u0119czy\u0107 co\u015b co pasuje do ka\u017cdego pomieszczenia i wywo\u0142a u\u015bmiech u obdarowanego.<\/p>\n<p>Mamy dla Ciebie co\u015b wyj\u0105tkowego.<\/p>\n<p>Prezentujemy wyj\u0105tkowe, rustykalne magnesy \u015blubne z wygrawerowanymi laserowo imionami Pary M\u0142odej i dat\u0105 uroczysto\u015bci.Doskonale podkre\u015blaj\u0105ce naturalne pi\u0119kno drewna, idealny je\u015bli planujesz wesele w stylu rustykalnym.<\/p>\n<p>\u00a0<\/p>\n","protected":false},"featured_media":2729,"comment_status":"open","ping_status":"closed","template":"","meta":[],"etheme_brands":[],"product_cat":[78],"product_tag":[],"class_list":["post-5696","product","type-product","status-publish","has-post-thumbnail","hentry","product_cat-slub-dekoracje"],"_links":{"self":[{"href":"https:\/\/new.decoczar.pl\/index.php\/wp-json\/wp\/v2\/product\/5696","targetHints":{"allow":["GET"]}}],"collection":[{"href":"https:\/\/new.decoczar.pl\/index.php\/wp-json\/wp\/v2\/product"}],"about":[{"href":"https:\/\/new.decoczar.pl\/index.php\/wp-json\/wp\/v2\/types\/product"}],"replies":[{"embeddable":true,"href":"https:\/\/new.decoczar.pl\/index.php\/wp-json\/wp\/v2\/comments?post=5696"}],"wp:featuredmedia":[{"embeddable":true,"href":"https:\/\/new.decoczar.pl\/index.php\/wp-json\/wp\/v2\/media\/2729"}],"wp:attachment":[{"href":"https:\/\/new.decoczar.pl\/index.php\/wp-json\/wp\/v2\/media?parent=5696"}],"wp:term":[{"taxonomy":"brand","embeddable":true,"href":"https:\/\/new.decoczar.pl\/index.php\/wp-json\/wp\/v2\/etheme_brands?post=5696"},{"taxonomy":"product_cat","embeddable":true,"href":"https:\/\/new.decoczar.pl\/index.php\/wp-json\/wp\/v2\/product_cat?post=5696"},{"taxonomy":"product_tag","embeddable":true,"href":"https:\/\/new.decoczar.pl\/index.php\/wp-json\/wp\/v2\/product_tag?post=5696"}],"curies":[{"name":"wp","href":"https:\/\/api.w.org\/{rel}","templated":true}]}}