{"id":5791,"date":"2023-06-05T22:15:34","date_gmt":"2023-06-05T20:15:34","guid":{"rendered":"https:\/\/new.decoczar.pl\/index.php\/product\/kieliszki-do-szampana-para-mloda-azurowe-z-kokardka-3\/"},"modified":"2023-06-05T22:15:34","modified_gmt":"2023-06-05T20:15:34","slug":"kieliszki-do-szampana-para-mloda-azurowe-z-kokardka-3","status":"publish","type":"product","link":"https:\/\/new.decoczar.pl\/index.php\/product\/kieliszki-do-szampana-para-mloda-azurowe-z-kokardka-3\/","title":{"rendered":"Kieliszki do szampana Para M\u0142oda A\u017curowe z kokardk\u0105"},"content":{"rendered":"<p>Kieliszki do szampana<\/p>\n<p> \tDekoracyjne cyrkonie<br \/>\n \tA\u017curowe dekoracje<br \/>\n \tKokardka<br \/>\n \tSzk\u0142o<br \/>\n \t2 sztuki<br \/>\n \tKieliszki ozdabiane r\u0119cznie<br \/>\n \tCzas realizacji do 7 dni po zaksi\u0119gowaniu wp\u0142aty<br \/>\n \tWYSY\u0141KA TYLKO KURIER !!!<\/p>\n","protected":false},"excerpt":{"rendered":"<p>Kieliszki do szampana<\/p>\n<p> \tDekoracyjne cyrkonie<br \/>\n \tA\u017curowe dekoracje<br \/>\n \tKokardka<br \/>\n \tSzk\u0142o<br \/>\n \t2 sztuki<br \/>\n \tKieliszki ozdabiane r\u0119cznie<br \/>\n \tCzas realizacji do 7 dni po zaksi\u0119gowaniu wp\u0142aty<br \/>\n \tWYSY\u0141KA TYLKO KURIER !!!<\/p>\n","protected":false},"featured_media":3066,"comment_status":"open","ping_status":"closed","template":"","meta":[],"etheme_brands":[],"product_cat":[78],"product_tag":[],"class_list":["post-5791","product","type-product","status-publish","has-post-thumbnail","hentry","product_cat-slub-dekoracje"],"_links":{"self":[{"href":"https:\/\/new.decoczar.pl\/index.php\/wp-json\/wp\/v2\/product\/5791","targetHints":{"allow":["GET"]}}],"collection":[{"href":"https:\/\/new.decoczar.pl\/index.php\/wp-json\/wp\/v2\/product"}],"about":[{"href":"https:\/\/new.decoczar.pl\/index.php\/wp-json\/wp\/v2\/types\/product"}],"replies":[{"embeddable":true,"href":"https:\/\/new.decoczar.pl\/index.php\/wp-json\/wp\/v2\/comments?post=5791"}],"wp:featuredmedia":[{"embeddable":true,"href":"https:\/\/new.decoczar.pl\/index.php\/wp-json\/wp\/v2\/media\/3066"}],"wp:attachment":[{"href":"https:\/\/new.decoczar.pl\/index.php\/wp-json\/wp\/v2\/media?parent=5791"}],"wp:term":[{"taxonomy":"brand","embeddable":true,"href":"https:\/\/new.decoczar.pl\/index.php\/wp-json\/wp\/v2\/etheme_brands?post=5791"},{"taxonomy":"product_cat","embeddable":true,"href":"https:\/\/new.decoczar.pl\/index.php\/wp-json\/wp\/v2\/product_cat?post=5791"},{"taxonomy":"product_tag","embeddable":true,"href":"https:\/\/new.decoczar.pl\/index.php\/wp-json\/wp\/v2\/product_tag?post=5791"}],"curies":[{"name":"wp","href":"https:\/\/api.w.org\/{rel}","templated":true}]}}