{"id":5992,"date":"2023-06-12T06:28:51","date_gmt":"2023-06-12T04:28:51","guid":{"rendered":"http:\/\/new.decoczar.pl\/index.php\/product\/ramka-z-serduszkami-slub-ksiega-gosci-8\/"},"modified":"2023-06-12T06:28:51","modified_gmt":"2023-06-12T04:28:51","slug":"ramka-z-serduszkami-slub-ksiega-gosci-8","status":"publish","type":"product","link":"https:\/\/new.decoczar.pl\/index.php\/product\/ramka-z-serduszkami-slub-ksiega-gosci-8\/","title":{"rendered":"Ramka z serduszkami \u015alub Ksi\u0119ga Go\u015bci"},"content":{"rendered":"<p>Drewniana rama z serduszkami do wypisania przez go\u015bci.<\/p>\n<p>Niebanalny pomys\u0142, kt\u00f3ry zachwyci nowo\u017ce\u0144c\u00f3w i wszystkich zebranych.<\/p>\n<p>Wymy\u015bl \u017cyczenia, wpisz je na serduszka i przyklej.<\/p>\n<p>Super zabawa na ka\u017cdej uroczysto\u015bci, ale te\u017c niepowtarzalna pami\u0105tka i dekoracja wn\u0119trza.<\/p>\n","protected":false},"excerpt":{"rendered":"<p>Drewniana rama z serduszkami do wypisania przez go\u015bci.<\/p>\n<p>Niebanalny pomys\u0142, kt\u00f3ry zachwyci nowo\u017ce\u0144c\u00f3w i wszystkich zebranych.<\/p>\n<p>Wymy\u015bl \u017cyczenia, wpisz je na serduszka i przyklej.<\/p>\n<p>Super zabawa na ka\u017cdej uroczysto\u015bci, ale te\u017c niepowtarzalna pami\u0105tka i dekoracja wn\u0119trza.<\/p>\n","protected":false},"featured_media":3843,"comment_status":"open","ping_status":"closed","template":"","meta":[],"etheme_brands":[],"product_cat":[78],"product_tag":[],"class_list":["post-5992","product","type-product","status-publish","has-post-thumbnail","hentry","product_cat-slub-dekoracje"],"_links":{"self":[{"href":"https:\/\/new.decoczar.pl\/index.php\/wp-json\/wp\/v2\/product\/5992","targetHints":{"allow":["GET"]}}],"collection":[{"href":"https:\/\/new.decoczar.pl\/index.php\/wp-json\/wp\/v2\/product"}],"about":[{"href":"https:\/\/new.decoczar.pl\/index.php\/wp-json\/wp\/v2\/types\/product"}],"replies":[{"embeddable":true,"href":"https:\/\/new.decoczar.pl\/index.php\/wp-json\/wp\/v2\/comments?post=5992"}],"wp:featuredmedia":[{"embeddable":true,"href":"https:\/\/new.decoczar.pl\/index.php\/wp-json\/wp\/v2\/media\/3843"}],"wp:attachment":[{"href":"https:\/\/new.decoczar.pl\/index.php\/wp-json\/wp\/v2\/media?parent=5992"}],"wp:term":[{"taxonomy":"brand","embeddable":true,"href":"https:\/\/new.decoczar.pl\/index.php\/wp-json\/wp\/v2\/etheme_brands?post=5992"},{"taxonomy":"product_cat","embeddable":true,"href":"https:\/\/new.decoczar.pl\/index.php\/wp-json\/wp\/v2\/product_cat?post=5992"},{"taxonomy":"product_tag","embeddable":true,"href":"https:\/\/new.decoczar.pl\/index.php\/wp-json\/wp\/v2\/product_tag?post=5992"}],"curies":[{"name":"wp","href":"https:\/\/api.w.org\/{rel}","templated":true}]}}