{"id":7564,"date":"2023-07-28T15:42:05","date_gmt":"2023-07-28T13:42:05","guid":{"rendered":"https:\/\/new.decoczar.pl\/index.php\/product\/kieliszki-do-szampana-para-mloda-azurowe-z-kokardka-6\/"},"modified":"2023-07-28T15:42:05","modified_gmt":"2023-07-28T13:42:05","slug":"kieliszki-do-szampana-para-mloda-azurowe-z-kokardka-6","status":"publish","type":"product","link":"https:\/\/new.decoczar.pl\/index.php\/product\/kieliszki-do-szampana-para-mloda-azurowe-z-kokardka-6\/","title":{"rendered":"Kieliszki do szampana Para M\u0142oda A\u017curowe z kokardk\u0105"},"content":{"rendered":"<p>Kieliszki do szampana<\/p>\n<p> \tDekoracyjne cyrkonie<br \/>\n \tA\u017curowe dekoracje<br \/>\n \tKokardka<br \/>\n \tSzk\u0142o<br \/>\n \t2 sztuki<br \/>\n \tKieliszki ozdabiane r\u0119cznie<br \/>\n \tCzas realizacji do 7 dni po zaksi\u0119gowaniu wp\u0142aty<br \/>\n \tWYSY\u0141KA TYLKO KURIER !!!<\/p>\n","protected":false},"excerpt":{"rendered":"<p>Kieliszki do szampana<\/p>\n<p> \tDekoracyjne cyrkonie<br \/>\n \tA\u017curowe dekoracje<br \/>\n \tKokardka<br \/>\n \tSzk\u0142o<br \/>\n \t2 sztuki<br \/>\n \tKieliszki ozdabiane r\u0119cznie<br \/>\n \tCzas realizacji do 7 dni po zaksi\u0119gowaniu wp\u0142aty<br \/>\n \tWYSY\u0141KA TYLKO KURIER !!!<\/p>\n","protected":false},"featured_media":3066,"comment_status":"open","ping_status":"closed","template":"","meta":[],"etheme_brands":[],"product_cat":[78],"product_tag":[],"class_list":["post-7564","product","type-product","status-publish","has-post-thumbnail","hentry","product_cat-slub-dekoracje"],"_links":{"self":[{"href":"https:\/\/new.decoczar.pl\/index.php\/wp-json\/wp\/v2\/product\/7564","targetHints":{"allow":["GET"]}}],"collection":[{"href":"https:\/\/new.decoczar.pl\/index.php\/wp-json\/wp\/v2\/product"}],"about":[{"href":"https:\/\/new.decoczar.pl\/index.php\/wp-json\/wp\/v2\/types\/product"}],"replies":[{"embeddable":true,"href":"https:\/\/new.decoczar.pl\/index.php\/wp-json\/wp\/v2\/comments?post=7564"}],"wp:featuredmedia":[{"embeddable":true,"href":"https:\/\/new.decoczar.pl\/index.php\/wp-json\/wp\/v2\/media\/3066"}],"wp:attachment":[{"href":"https:\/\/new.decoczar.pl\/index.php\/wp-json\/wp\/v2\/media?parent=7564"}],"wp:term":[{"taxonomy":"brand","embeddable":true,"href":"https:\/\/new.decoczar.pl\/index.php\/wp-json\/wp\/v2\/etheme_brands?post=7564"},{"taxonomy":"product_cat","embeddable":true,"href":"https:\/\/new.decoczar.pl\/index.php\/wp-json\/wp\/v2\/product_cat?post=7564"},{"taxonomy":"product_tag","embeddable":true,"href":"https:\/\/new.decoczar.pl\/index.php\/wp-json\/wp\/v2\/product_tag?post=7564"}],"curies":[{"name":"wp","href":"https:\/\/api.w.org\/{rel}","templated":true}]}}