{"id":7604,"date":"2023-07-29T02:54:02","date_gmt":"2023-07-29T00:54:02","guid":{"rendered":"http:\/\/new.decoczar.pl\/index.php\/product\/topper-pierwsza-komunia-swieta-zloty-12\/"},"modified":"2023-07-29T02:54:02","modified_gmt":"2023-07-29T00:54:02","slug":"topper-pierwsza-komunia-swieta-zloty-12","status":"publish","type":"product","link":"https:\/\/new.decoczar.pl\/index.php\/product\/topper-pierwsza-komunia-swieta-zloty-12\/","title":{"rendered":"Topper Pierwsza Komunia \u015awi\u0119ta Z\u0142oty"},"content":{"rendered":"<p>Napisy ze sklejki<\/p>\n<p> \tWymiary 16 cm<br \/>\n \tWysoko\u015b\u0107 16 cm<br \/>\n \tWykonany ze sklejki brzozowej 3 cm<br \/>\n \tDrewniany szpikulec<br \/>\n \tCzas realizacji do 5 dni po zaksi\u0119gowaniu wp\u0142aty<br \/>\n \tZale\u017cy Ci na czasie skontaktuj si\u0119 z nami<br \/>\n \tKolor z\u0142oty\/srebrny<br \/>\n \tW uwagach do zam\u00f3wienia prosz\u0119 wpisa\u0107 imi\u0119<\/p>\n<p>WYSY\u0141KA TYLKO KURIER<\/p>\n","protected":false},"excerpt":{"rendered":"<p>Napisy ze sklejki<\/p>\n<p> \tWymiary 16 cm<br \/>\n \tWysoko\u015b\u0107 16 cm<br \/>\n \tWykonany ze sklejki brzozowej 3 cm<br \/>\n \tDrewniany szpikulec<br \/>\n \tCzas realizacji do 5 dni po zaksi\u0119gowaniu wp\u0142aty<br \/>\n \tZale\u017cy Ci na czasie skontaktuj si\u0119 z nami<br \/>\n \tKolor z\u0142oty\/srebrny<br \/>\n \tW uwagach do zam\u00f3wienia prosz\u0119 wpisa\u0107 imi\u0119<\/p>\n<p>WYSY\u0141KA TYLKO KURIER<\/p>\n","protected":false},"featured_media":3200,"comment_status":"open","ping_status":"closed","template":"","meta":[],"etheme_brands":[],"product_cat":[62],"product_tag":[],"class_list":["post-7604","product","type-product","status-publish","has-post-thumbnail","hentry","product_cat-komunia-swieta-topper"],"_links":{"self":[{"href":"https:\/\/new.decoczar.pl\/index.php\/wp-json\/wp\/v2\/product\/7604","targetHints":{"allow":["GET"]}}],"collection":[{"href":"https:\/\/new.decoczar.pl\/index.php\/wp-json\/wp\/v2\/product"}],"about":[{"href":"https:\/\/new.decoczar.pl\/index.php\/wp-json\/wp\/v2\/types\/product"}],"replies":[{"embeddable":true,"href":"https:\/\/new.decoczar.pl\/index.php\/wp-json\/wp\/v2\/comments?post=7604"}],"wp:featuredmedia":[{"embeddable":true,"href":"https:\/\/new.decoczar.pl\/index.php\/wp-json\/wp\/v2\/media\/3200"}],"wp:attachment":[{"href":"https:\/\/new.decoczar.pl\/index.php\/wp-json\/wp\/v2\/media?parent=7604"}],"wp:term":[{"taxonomy":"brand","embeddable":true,"href":"https:\/\/new.decoczar.pl\/index.php\/wp-json\/wp\/v2\/etheme_brands?post=7604"},{"taxonomy":"product_cat","embeddable":true,"href":"https:\/\/new.decoczar.pl\/index.php\/wp-json\/wp\/v2\/product_cat?post=7604"},{"taxonomy":"product_tag","embeddable":true,"href":"https:\/\/new.decoczar.pl\/index.php\/wp-json\/wp\/v2\/product_tag?post=7604"}],"curies":[{"name":"wp","href":"https:\/\/api.w.org\/{rel}","templated":true}]}}