{"id":7628,"date":"2023-07-29T02:54:06","date_gmt":"2023-07-29T00:54:06","guid":{"rendered":"http:\/\/new.decoczar.pl\/index.php\/product\/tabliczka-pamiatka-chrztu-swietego-12\/"},"modified":"2023-07-29T02:54:06","modified_gmt":"2023-07-29T00:54:06","slug":"tabliczka-pamiatka-chrztu-swietego-12","status":"publish","type":"product","link":"https:\/\/new.decoczar.pl\/index.php\/product\/tabliczka-pamiatka-chrztu-swietego-12\/","title":{"rendered":"Tabliczka Pami\u0105tka Chrztu \u015awi\u0119tego"},"content":{"rendered":"<p>Tabliczka Drewniana\u00a0<\/p>\n<p> \tWymiary 18,5 x 13 cm<br \/>\n \tWykonane ze sklejki brzozowej 3 mm<br \/>\n \tGrawer mo\u017cemy dowolnie modyfikowa\u0107<br \/>\n \tW uwagach do zam\u00f3wienia prosz\u0119 wpisa\u0107 modyfikacj\u0119 tekstu<br \/>\n \tDo tabliczek do\u0142\u0105czone s\u0105 drewniane podp\u00f3rki<br \/>\n \tAnio\u0142ek r\u00f3\u017cowy<br \/>\n \tCzas realizacji 2-5 dni roboczych po zaksi\u0119gowaniu wp\u0142aty ( zale\u017cy Ci na czasie skontaktuj si\u0119 z nami )<\/p>\n<p>\u00a0<\/p>\n","protected":false},"excerpt":{"rendered":"<p>Tabliczka Drewniana\u00a0<\/p>\n<p> \tWymiary 18,5 x 13 cm<br \/>\n \tWykonane ze sklejki brzozowej 3 mm<br \/>\n \tGrawer mo\u017cemy dowolnie modyfikowa\u0107<br \/>\n \tW uwagach do zam\u00f3wienia prosz\u0119 wpisa\u0107 modyfikacj\u0119 tekstu<br \/>\n \tDo tabliczek do\u0142\u0105czone s\u0105 drewniane podp\u00f3rki<br \/>\n \tAnio\u0142ek r\u00f3\u017cowy<br \/>\n \tCzas realizacji 2-5 dni roboczych po zaksi\u0119gowaniu wp\u0142aty ( zale\u017cy Ci na czasie skontaktuj si\u0119 z nami )<\/p>\n<p>\u00a0<\/p>\n","protected":false},"featured_media":3295,"comment_status":"open","ping_status":"closed","template":"","meta":[],"etheme_brands":[],"product_cat":[83],"product_tag":[],"class_list":["post-7628","product","type-product","status-publish","has-post-thumbnail","hentry","product_cat-chrzest-swiety"],"_links":{"self":[{"href":"https:\/\/new.decoczar.pl\/index.php\/wp-json\/wp\/v2\/product\/7628","targetHints":{"allow":["GET"]}}],"collection":[{"href":"https:\/\/new.decoczar.pl\/index.php\/wp-json\/wp\/v2\/product"}],"about":[{"href":"https:\/\/new.decoczar.pl\/index.php\/wp-json\/wp\/v2\/types\/product"}],"replies":[{"embeddable":true,"href":"https:\/\/new.decoczar.pl\/index.php\/wp-json\/wp\/v2\/comments?post=7628"}],"wp:featuredmedia":[{"embeddable":true,"href":"https:\/\/new.decoczar.pl\/index.php\/wp-json\/wp\/v2\/media\/3295"}],"wp:attachment":[{"href":"https:\/\/new.decoczar.pl\/index.php\/wp-json\/wp\/v2\/media?parent=7628"}],"wp:term":[{"taxonomy":"brand","embeddable":true,"href":"https:\/\/new.decoczar.pl\/index.php\/wp-json\/wp\/v2\/etheme_brands?post=7628"},{"taxonomy":"product_cat","embeddable":true,"href":"https:\/\/new.decoczar.pl\/index.php\/wp-json\/wp\/v2\/product_cat?post=7628"},{"taxonomy":"product_tag","embeddable":true,"href":"https:\/\/new.decoczar.pl\/index.php\/wp-json\/wp\/v2\/product_tag?post=7628"}],"curies":[{"name":"wp","href":"https:\/\/api.w.org\/{rel}","templated":true}]}}