{"id":8141,"date":"2023-08-18T13:53:59","date_gmt":"2023-08-18T11:53:59","guid":{"rendered":"http:\/\/new.decoczar.pl\/index.php\/product\/kotyliony-drewniane-z-magnesem-7\/"},"modified":"2023-08-18T13:53:59","modified_gmt":"2023-08-18T11:53:59","slug":"kotyliony-drewniane-z-magnesem-7","status":"publish","type":"product","link":"https:\/\/new.decoczar.pl\/index.php\/product\/kotyliony-drewniane-z-magnesem-7\/","title":{"rendered":"Kotyliony Drewniane z magnesem"},"content":{"rendered":"<p>Kotylion z grawerem<\/p>\n<p> \tKotylion z grawerem o wymiarach 10&#215;8 cm\u00a0<br \/>\n \tWykonane ze sklejki brzozowej 3 mm\u00a0<br \/>\n \tGrawer mo\u017cemy dowolnie modyfikowa\u0107<br \/>\n \tMagnes<br \/>\n \tRealizacja 2-5 dni robocze po zaksi\u0119gowaniu wp\u0142aty<br \/>\n \tW uwagach do zam\u00f3wienia prosz\u0119 wpisa\u0107 modyfikacj\u0119 tekstu<br \/>\n \tPowy\u017cej 5 sztuk wysy\u0142ka kurierem<\/p>\n","protected":false},"excerpt":{"rendered":"<p>Kotylion z grawerem<\/p>\n<p> \tKotylion z grawerem o wymiarach 10&#215;8 cm\u00a0<br \/>\n \tWykonane ze sklejki brzozowej 3 mm\u00a0<br \/>\n \tGrawer mo\u017cemy dowolnie modyfikowa\u0107<br \/>\n \tMagnes<br \/>\n \tRealizacja 2-5 dni robocze po zaksi\u0119gowaniu wp\u0142aty<br \/>\n \tW uwagach do zam\u00f3wienia prosz\u0119 wpisa\u0107 modyfikacj\u0119 tekstu<br \/>\n \tPowy\u017cej 5 sztuk wysy\u0142ka kurierem<\/p>\n","protected":false},"featured_media":3082,"comment_status":"open","ping_status":"closed","template":"","meta":[],"etheme_brands":[],"product_cat":[77],"product_tag":[],"class_list":["post-8141","product","type-product","status-publish","has-post-thumbnail","hentry","product_cat-dzien-nauczyciela-zakonczenie-roku"],"_links":{"self":[{"href":"https:\/\/new.decoczar.pl\/index.php\/wp-json\/wp\/v2\/product\/8141","targetHints":{"allow":["GET"]}}],"collection":[{"href":"https:\/\/new.decoczar.pl\/index.php\/wp-json\/wp\/v2\/product"}],"about":[{"href":"https:\/\/new.decoczar.pl\/index.php\/wp-json\/wp\/v2\/types\/product"}],"replies":[{"embeddable":true,"href":"https:\/\/new.decoczar.pl\/index.php\/wp-json\/wp\/v2\/comments?post=8141"}],"wp:featuredmedia":[{"embeddable":true,"href":"https:\/\/new.decoczar.pl\/index.php\/wp-json\/wp\/v2\/media\/3082"}],"wp:attachment":[{"href":"https:\/\/new.decoczar.pl\/index.php\/wp-json\/wp\/v2\/media?parent=8141"}],"wp:term":[{"taxonomy":"brand","embeddable":true,"href":"https:\/\/new.decoczar.pl\/index.php\/wp-json\/wp\/v2\/etheme_brands?post=8141"},{"taxonomy":"product_cat","embeddable":true,"href":"https:\/\/new.decoczar.pl\/index.php\/wp-json\/wp\/v2\/product_cat?post=8141"},{"taxonomy":"product_tag","embeddable":true,"href":"https:\/\/new.decoczar.pl\/index.php\/wp-json\/wp\/v2\/product_tag?post=8141"}],"curies":[{"name":"wp","href":"https:\/\/api.w.org\/{rel}","templated":true}]}}