{"id":8955,"date":"2023-09-12T09:20:35","date_gmt":"2023-09-12T07:20:35","guid":{"rendered":"http:\/\/new.decoczar.pl\/index.php\/product\/ramka-z-grawerem-95\/"},"modified":"2023-09-12T09:20:35","modified_gmt":"2023-09-12T07:20:35","slug":"ramka-z-grawerem-95","status":"publish","type":"product","link":"https:\/\/new.decoczar.pl\/index.php\/product\/ramka-z-grawerem-95\/","title":{"rendered":"Ramka z grawerem"},"content":{"rendered":"<p>Ramka z sercami i grawerem<\/p>\n<p> \tWymiary 20 x 30 cm<br \/>\n \tWymiary serduszek 4&#215;4 cm b\u0105d\u017a 3&#215;3 cm\u00a0<br \/>\n \tSerce 10&#215;10 cm<br \/>\n \tCzerwona wst\u0105\u017cka<br \/>\n \tW uwagach klienta lub na maila prosz\u0119 o list\u0119 dzieci i napis na centralnym sercu<br \/>\n \tCzas realizacji do 5 dni roboczych po zaksi\u0119gowaniu wp\u0142aty<br \/>\n \tNa sercach grawerowane s\u0105 tylko imiona &#8211; je\u015bli dodatkowo ma by\u0107 nazwisko koszt 1,5 z\u0142 ( prosz\u0119 sum\u0119 nazwisk doliczy\u0107 do przelewu )<\/p>\n<p>WYSY\u0141KA TYLKO KURIER &#8211; WP\u0141ATA NA KONTO !!!<\/p>\n","protected":false},"excerpt":{"rendered":"<p>Ramka z sercami i grawerem<\/p>\n<p> \tWymiary 20 x 30 cm<br \/>\n \tWymiary serduszek 4&#215;4 cm b\u0105d\u017a 3&#215;3 cm\u00a0<br \/>\n \tSerce 10&#215;10 cm<br \/>\n \tCzerwona wst\u0105\u017cka<br \/>\n \tW uwagach klienta lub na maila prosz\u0119 o list\u0119 dzieci i napis na centralnym sercu<br \/>\n \tCzas realizacji do 5 dni roboczych po zaksi\u0119gowaniu wp\u0142aty<br \/>\n \tNa sercach grawerowane s\u0105 tylko imiona &#8211; je\u015bli dodatkowo ma by\u0107 nazwisko koszt 1,5 z\u0142 ( prosz\u0119 sum\u0119 nazwisk doliczy\u0107 do przelewu )<\/p>\n<p>WYSY\u0141KA TYLKO KURIER &#8211; WP\u0141ATA NA KONTO !!!<\/p>\n","protected":false},"featured_media":4028,"comment_status":"open","ping_status":"closed","template":"","meta":[],"etheme_brands":[],"product_cat":[77],"product_tag":[],"class_list":["post-8955","product","type-product","status-publish","has-post-thumbnail","hentry","product_cat-dzien-nauczyciela-zakonczenie-roku"],"_links":{"self":[{"href":"https:\/\/new.decoczar.pl\/index.php\/wp-json\/wp\/v2\/product\/8955","targetHints":{"allow":["GET"]}}],"collection":[{"href":"https:\/\/new.decoczar.pl\/index.php\/wp-json\/wp\/v2\/product"}],"about":[{"href":"https:\/\/new.decoczar.pl\/index.php\/wp-json\/wp\/v2\/types\/product"}],"replies":[{"embeddable":true,"href":"https:\/\/new.decoczar.pl\/index.php\/wp-json\/wp\/v2\/comments?post=8955"}],"wp:featuredmedia":[{"embeddable":true,"href":"https:\/\/new.decoczar.pl\/index.php\/wp-json\/wp\/v2\/media\/4028"}],"wp:attachment":[{"href":"https:\/\/new.decoczar.pl\/index.php\/wp-json\/wp\/v2\/media?parent=8955"}],"wp:term":[{"taxonomy":"brand","embeddable":true,"href":"https:\/\/new.decoczar.pl\/index.php\/wp-json\/wp\/v2\/etheme_brands?post=8955"},{"taxonomy":"product_cat","embeddable":true,"href":"https:\/\/new.decoczar.pl\/index.php\/wp-json\/wp\/v2\/product_cat?post=8955"},{"taxonomy":"product_tag","embeddable":true,"href":"https:\/\/new.decoczar.pl\/index.php\/wp-json\/wp\/v2\/product_tag?post=8955"}],"curies":[{"name":"wp","href":"https:\/\/api.w.org\/{rel}","templated":true}]}}