{"id":9488,"date":"2023-09-27T16:10:31","date_gmt":"2023-09-27T14:10:31","guid":{"rendered":"https:\/\/new.decoczar.pl\/index.php\/product\/ramka-z-grawerem-105\/"},"modified":"2023-09-27T16:10:31","modified_gmt":"2023-09-27T14:10:31","slug":"ramka-z-grawerem-105","status":"publish","type":"product","link":"https:\/\/new.decoczar.pl\/index.php\/product\/ramka-z-grawerem-105\/","title":{"rendered":"Ramka z grawerem"},"content":{"rendered":"<p>Ramka z sercami i grawerem<\/p>\n<p> \tWymiary 30X40 cm<br \/>\n \tWymiary serduszek 4&#215;4 cm b\u0105d\u017a 3&#215;3 cm<br \/>\n \tCzerwona wst\u0105\u017cka<br \/>\n \tNa sercach mo\u017cliwy grawer b\u0105d\u017a r\u0119cznie wypisa\u0107 imiona<br \/>\n \tImiona mo\u017cna wpisa\u0107 w uwagach klienta b\u0105d\u017a na maila sklep@decoczar.pl<br \/>\n \tCzas realizacji do 7 dni roboczych po zaksi\u0119gowaniu wp\u0142aty<br \/>\n \tNa sercach grawerowane s\u0105 tylko imiona &#8211; je\u015bli dodatkowo ma by\u0107 nazwisko koszt 1,5 z\u0142 ( prosz\u0119 sum\u0119 nazwisk doliczy\u0107 do przelewu )<br \/>\n \tW czasie zako\u0144czenia roku szkolnego &#8211; dzie\u0144 nauczyciela czas realziacji mo\u017ce si\u0119 lekko wyd\u0142u\u017cy\u0107<\/p>\n<p>WYSY\u0141KA TYLKO KURIER &#8211; WP\u0141ATA NA KONTO !!!<\/p>\n<p>\u00a0<\/p>\n<p>\u00a0<\/p>\n","protected":false},"excerpt":{"rendered":"<p>Ramka z sercami i grawerem<\/p>\n<p> \tWymiary 30X40 cm<br \/>\n \tWymiary serduszek 4&#215;4 cm b\u0105d\u017a 3&#215;3 cm<br \/>\n \tCzerwona wst\u0105\u017cka<br \/>\n \tNa sercach mo\u017cliwy grawer b\u0105d\u017a r\u0119cznie wypisa\u0107 imiona<br \/>\n \tImiona mo\u017cna wpisa\u0107 w uwagach klienta b\u0105d\u017a na maila sklep@decoczar.pl<br \/>\n \tCzas realizacji do 7 dni roboczych po zaksi\u0119gowaniu wp\u0142aty<br \/>\n \tNa sercach grawerowane s\u0105 tylko imiona &#8211; je\u015bli dodatkowo ma by\u0107 nazwisko koszt 1,5 z\u0142 ( prosz\u0119 sum\u0119 nazwisk doliczy\u0107 do przelewu )<br \/>\n \tW czasie zako\u0144czenia roku szkolnego &#8211; dzie\u0144 nauczyciela czas realziacji mo\u017ce si\u0119 lekko wyd\u0142u\u017cy\u0107<\/p>\n<p>WYSY\u0141KA TYLKO KURIER &#8211; WP\u0141ATA NA KONTO !!!<\/p>\n<p>\u00a0<\/p>\n<p>\u00a0<\/p>\n","protected":false},"featured_media":4032,"comment_status":"open","ping_status":"closed","template":"","meta":[],"etheme_brands":[],"product_cat":[77],"product_tag":[],"class_list":["post-9488","product","type-product","status-publish","has-post-thumbnail","hentry","product_cat-dzien-nauczyciela-zakonczenie-roku"],"_links":{"self":[{"href":"https:\/\/new.decoczar.pl\/index.php\/wp-json\/wp\/v2\/product\/9488","targetHints":{"allow":["GET"]}}],"collection":[{"href":"https:\/\/new.decoczar.pl\/index.php\/wp-json\/wp\/v2\/product"}],"about":[{"href":"https:\/\/new.decoczar.pl\/index.php\/wp-json\/wp\/v2\/types\/product"}],"replies":[{"embeddable":true,"href":"https:\/\/new.decoczar.pl\/index.php\/wp-json\/wp\/v2\/comments?post=9488"}],"wp:featuredmedia":[{"embeddable":true,"href":"https:\/\/new.decoczar.pl\/index.php\/wp-json\/wp\/v2\/media\/4032"}],"wp:attachment":[{"href":"https:\/\/new.decoczar.pl\/index.php\/wp-json\/wp\/v2\/media?parent=9488"}],"wp:term":[{"taxonomy":"brand","embeddable":true,"href":"https:\/\/new.decoczar.pl\/index.php\/wp-json\/wp\/v2\/etheme_brands?post=9488"},{"taxonomy":"product_cat","embeddable":true,"href":"https:\/\/new.decoczar.pl\/index.php\/wp-json\/wp\/v2\/product_cat?post=9488"},{"taxonomy":"product_tag","embeddable":true,"href":"https:\/\/new.decoczar.pl\/index.php\/wp-json\/wp\/v2\/product_tag?post=9488"}],"curies":[{"name":"wp","href":"https:\/\/api.w.org\/{rel}","templated":true}]}}